{"id":857,"date":"2021-09-24T14:24:46","date_gmt":"2021-09-24T14:24:46","guid":{"rendered":"https:\/\/www.fc.up.pt\/pessoas\/jlsantos\/?page_id=857"},"modified":"2026-01-26T19:37:57","modified_gmt":"2026-01-26T19:37:57","slug":"projects","status":"publish","type":"page","link":"https:\/\/www.fc.up.pt\/pessoas\/jlsantos\/projects\/","title":{"rendered":"Projects"},"content":{"rendered":"\n<h1 class=\"wp-block-heading\">Faraday Project<\/h1>\n\n\n\n<p class=\"has-drop-cap\">From 2003 to 2007 I coordinated a project of with five Portuguese secondary schools,  implementing materials and methods, intended to ease transition to University studies.The project was financed by a <a rel=\"noreferrer noopener\" href=\"https:\/\/gulbenkian.pt\/\" data-type=\"URL\" data-id=\"https:\/\/gulbenkian.pt\/\" target=\"_blank\">Funda\u00e7\u00e3o Calouste Gulbenkian<\/a>, and accompanied Physics teaching for few hundred students. Details of the project and the  materials produced for this project (in Portuguese) are freely available in its <a rel=\"noreferrer noopener\" href=\"http:\/\/www.fc.up.pt\/faraday\" data-type=\"URL\" data-id=\"www.fc.up.pt\/faraday\" target=\"_blank\">website<\/a>.<\/p>\n\n\n\n<h1 class=\"wp-block-heading\">Project Ci\u00eancia Viva PVI\/252<\/h1>\n\n\n\n<p class=\"has-drop-cap\">This was a starting project in the PhD of Ana Rita Mota, who developed materials for teaching Physics in Middle School level (12-14 years old), and acomppanied teaching in classes  of Escola B\u00e1sica e Secund\u00e1ria (EB-S) Jaime Magalh\u00e3es de Lima (Aveiro), EB23 D. Pedro IV (Mindelo) and EB23 Sobreira (Paredes). Throughout the project,  Ana Rita worked with the class teachers, Jos\u00e9 Manuel Lopes, Alexandra Gurtner, and Nat\u00e1lia Brochado Silva.<\/p>\n\n\n\n<p><strong>Tese de Ana Rita Mota<\/strong>;  <a href=\"https:\/\/catalogo.up.pt:443\/F\/?func=direct&amp;doc_number=000295879&amp;local_base=UPB01\" data-type=\"URL\" data-id=\"https:\/\/catalogo.up.pt:443\/F\/?func=direct&amp;doc_number=000295879&amp;local_base=UPB01\" target=\"_blank\" rel=\"noreferrer noopener\">Ensaio Pr\u00e1tico do Movimento Core Knowledge no Ensino da F\u00edsica em Portugal,<\/a><\/p>\n\n\n\n<p><\/p>\n\n\n\n<p> <\/p>\n\n\n\n<h2 class=\"wp-block-heading\">Non Linear Optics of Layered Materials<\/h2>\n\n\n\n<p> <\/p>\n\n\n\n<h4 class=\"wp-block-heading\">POCI-01-0145-FEDER-028887<\/h4>\n\n\n\n<p class=\"has-drop-cap\">This project (2017-2021), financed by <a rel=\"noreferrer noopener\" href=\"https:\/\/www.fct.pt\/\" data-type=\"URL\" data-id=\"https:\/\/www.fct.pt\/\" target=\"_blank\">FCT<\/a>,  joins teams in Universities of Minho and Porto in a theoretical and experimental study of non-linear optical response coefficients of layered materials, like the transition metal dichalcogenides, graphene bi-layers and multi-layers, and Van der Waals heterostructures. Some of these materials have shown one of the most desirable properties of non-linear optics: strong response over wide band of frequencies. The project focuses on developing theoretical and computational tools for a systematic study of 2D materials. One major area of concern of the project is the training of young researchers. <\/p>\n\n\n\n<p><\/p>\n\n\n\n<p><\/p>\n","protected":false},"excerpt":{"rendered":"<p>Faraday Project From 2003 to 2007 I coordinated a project of with five Portuguese secondary schools, implementing materials and methods, intended to ease transition to University studies.The project was financed by a Funda\u00e7\u00e3o Calouste Gulbenkian, and accompanied Physics teaching for &hellip; <a href=\"https:\/\/www.fc.up.pt\/pessoas\/jlsantos\/projects\/\">Continuar a ler <span class=\"meta-nav\">&rarr;<\/span><\/a><\/p>\n","protected":false},"author":1,"featured_media":0,"parent":0,"menu_order":0,"comment_status":"closed","ping_status":"closed","template":"","meta":{"footnotes":""},"class_list":["post-857","page","type-page","status-publish","hentry"],"_links":{"self":[{"href":"https:\/\/www.fc.up.pt\/pessoas\/jlsantos\/wp-json\/wp\/v2\/pages\/857","targetHints":{"allow":["GET"]}}],"collection":[{"href":"https:\/\/www.fc.up.pt\/pessoas\/jlsantos\/wp-json\/wp\/v2\/pages"}],"about":[{"href":"https:\/\/www.fc.up.pt\/pessoas\/jlsantos\/wp-json\/wp\/v2\/types\/page"}],"author":[{"embeddable":true,"href":"https:\/\/www.fc.up.pt\/pessoas\/jlsantos\/wp-json\/wp\/v2\/users\/1"}],"replies":[{"embeddable":true,"href":"https:\/\/www.fc.up.pt\/pessoas\/jlsantos\/wp-json\/wp\/v2\/comments?post=857"}],"version-history":[{"count":10,"href":"https:\/\/www.fc.up.pt\/pessoas\/jlsantos\/wp-json\/wp\/v2\/pages\/857\/revisions"}],"predecessor-version":[{"id":1011,"href":"https:\/\/www.fc.up.pt\/pessoas\/jlsantos\/wp-json\/wp\/v2\/pages\/857\/revisions\/1011"}],"wp:attachment":[{"href":"https:\/\/www.fc.up.pt\/pessoas\/jlsantos\/wp-json\/wp\/v2\/media?parent=857"}],"curies":[{"name":"wp","href":"https:\/\/api.w.org\/{rel}","templated":true}]}}