{"id":199,"date":"2019-03-07T16:17:13","date_gmt":"2019-03-07T16:17:13","guid":{"rendered":"https:\/\/www.fc.up.pt\/oiaq2019\/?page_id=199"},"modified":"2019-08-27T14:19:57","modified_gmt":"2019-08-27T14:19:57","slug":"contacto-from-oiaq2019-webpage","status":"publish","type":"page","link":"https:\/\/www.fc.up.pt\/oiaq2019\/contacto-from-oiaq2019-webpage\/","title":{"rendered":"Contacto"},"content":{"rendered":"\r\n<p class=\"has-small-font-size\"><strong><img loading=\"lazy\" class=\"alignnone wp-image-1284 size-medium\" src=\"https:\/\/i0.wp.com\/www.fc.up.pt\/oiaq2019\/wp-content\/uploads\/2019\/08\/Olimpiada_logotipo.jpg?resize=300%2C251&#038;ssl=1\" alt=\"\" width=\"300\" height=\"251\" srcset=\"https:\/\/i0.wp.com\/www.fc.up.pt\/oiaq2019\/wp-content\/uploads\/2019\/08\/Olimpiada_logotipo.jpg?resize=300%2C251&amp;ssl=1 300w, https:\/\/i0.wp.com\/www.fc.up.pt\/oiaq2019\/wp-content\/uploads\/2019\/08\/Olimpiada_logotipo.jpg?resize=768%2C642&amp;ssl=1 768w, https:\/\/i0.wp.com\/www.fc.up.pt\/oiaq2019\/wp-content\/uploads\/2019\/08\/Olimpiada_logotipo.jpg?resize=598%2C500&amp;ssl=1 598w, https:\/\/i0.wp.com\/www.fc.up.pt\/oiaq2019\/wp-content\/uploads\/2019\/08\/Olimpiada_logotipo.jpg?resize=685%2C572&amp;ssl=1 685w, https:\/\/i0.wp.com\/www.fc.up.pt\/oiaq2019\/wp-content\/uploads\/2019\/08\/Olimpiada_logotipo.jpg?w=2000&amp;ssl=1 2000w, https:\/\/i0.wp.com\/www.fc.up.pt\/oiaq2019\/wp-content\/uploads\/2019\/08\/Olimpiada_logotipo.jpg?w=1370&amp;ssl=1 1370w\" sizes=\"(max-width: 300px) 100vw, 300px\" data-recalc-dims=\"1\" \/><br>Correio (correo) electr\u00f3nico:<\/strong> oiaq2019@fc.up.pt<\/p>\r\n\r\n\r\n\r\n<h5 style=\"text-align: left;\">Morada (Direcci\u00f3n)<\/h5>\r\n\r\n\r\n\r\n<p class=\"has-small-font-size\">Departamento de Qu\u00edmica e Bioqu\u00edmica (DQB)<br>Faculdade de Ci\u00eancias da Universidade do Porto (<a href=\"https:\/\/sigarra.up.pt\/fcup\/pt\/web_base.gera_pagina?p_pagina=1019848\">FCUP<\/a>)<br>Rua do Campo Algre S\/N<br>4169-007 Porto <br>Portugal<br>Telefones (Tel\u00e9fonos):<br>+351 220 402 653\/655 (Secretaria)<br>+351 220 402 538 (Maria das Dores R.S. &#8211; Presidente OIAQ 2019)<\/p>\r\n\r\n\r\n\r\n<p>&nbsp;<\/p>\r\n<p class=\"has-small-font-size\"><em>Envie-nos as suas d\u00favidas, sugest\u00f5es ou coment\u00e1rios, completando o seguinte<\/em> <strong>formul\u00e1rio<\/strong>:<\/p>\r\n<p class=\"has-small-font-size\"><em>Env\u00edenos sus dudas, sugerencias o comentarios, completando el siguiente<\/em> <strong>formulario:<\/strong><\/p>\r\n<div id='contact-form-199'>\n<form action='https:\/\/www.fc.up.pt\/oiaq2019\/contacto-from-oiaq2019-webpage\/#contact-form-199' method='post' class='contact-form commentsblock'>\n<script>\n\t\t\t( function () {\n\t\t\t\tconst contact_forms = document.getElementsByClassName('contact-form');\n\n\t\t\t\tfor ( const form of contact_forms ) {\n\t\t\t\t\tform.onsubmit = function() {\n\t\t\t\t\t\tconst buttons = form.getElementsByTagName('button');\n\n\t\t\t\t\t\tfor( const button of buttons ) {\n\t\t\t\t\t\t\tbutton.setAttribute('disabled', true);\n\t\t\t\t\t\t}\n\t\t\t\t\t}\n\t\t\t\t}\n\t\t\t} )();\n\t\t<\/script>\n<div class='grunion-field-wrap grunion-field-name-wrap'  >\n<label\n\t\t\t\tfor='g199-nomenombre'\n\t\t\t\tclass='grunion-field-label name'\n\t\t\t\t>Nome (Nombre)<span>(required)<\/span><\/label>\n<input\n\t\t\t\t\ttype='text'\n\t\t\t\t\tname='g199-nomenombre'\n\t\t\t\t\tid='g199-nomenombre'\n\t\t\t\t\tvalue=''\n\t\t\t\t\tclass='name' \n\t\t\t\t\trequired aria-required='true'\n\t\t\t\t\/>\n\t<\/div>\n\n<div class='grunion-field-wrap grunion-field-text-wrap'  >\n<label\n\t\t\t\tfor='g199-pasdeorigemorigen'\n\t\t\t\tclass='grunion-field-label text'\n\t\t\t\t>Pa\u00eds de origem (origen)<span>(required)<\/span><\/label>\n<input\n\t\t\t\t\ttype='text'\n\t\t\t\t\tname='g199-pasdeorigemorigen'\n\t\t\t\t\tid='g199-pasdeorigemorigen'\n\t\t\t\t\tvalue=''\n\t\t\t\t\tclass='text' \n\t\t\t\t\trequired aria-required='true'\n\t\t\t\t\/>\n\t<\/div>\n\n<div class='grunion-field-wrap grunion-field-email-wrap'  >\n<label\n\t\t\t\tfor='g199-email'\n\t\t\t\tclass='grunion-field-label email'\n\t\t\t\t>Email<span>(required)<\/span><\/label>\n<input\n\t\t\t\t\ttype='email'\n\t\t\t\t\tname='g199-email'\n\t\t\t\t\tid='g199-email'\n\t\t\t\t\tvalue=''\n\t\t\t\t\tclass='email' \n\t\t\t\t\trequired aria-required='true'\n\t\t\t\t\/>\n\t<\/div>\n\n<div class='grunion-field-wrap grunion-field-textarea-wrap'  >\n<label\n\t\t\t\tfor='contact-form-comment-g199-mensagemmensaje'\n\t\t\t\tclass='grunion-field-label textarea'\n\t\t\t\t>Mensagem (Mensaje)<span>(required)<\/span><\/label>\n<textarea\n\t\t                name='g199-mensagemmensaje'\n\t\t                id='contact-form-comment-g199-mensagemmensaje'\n\t\t                rows='20' class='textarea'  required aria-required='true'><\/textarea>\n\t<\/div>\n\t<p class='contact-submit'>\n\t\t<button type='submit' class='pushbutton-wide'>Submit<\/button>\t\t<input type='hidden' name='contact-form-id' value='199' \/>\n\t\t<input type='hidden' name='action' value='grunion-contact-form' \/>\n\t\t<input type='hidden' name='contact-form-hash' value='409add5ef8927635bb47a7a4ad86c49aabb9e7c7' \/>\n\t<\/p>\n<\/form>\n<\/div>\r\n<!-- \/wp:jetpack\/contact-form --><div class=\"sharedaddy sd-sharing-enabled\"><div class=\"robots-nocontent sd-block sd-social sd-social-icon sd-sharing\"><h3 class=\"sd-title\">Share this:<\/h3><div class=\"sd-content\"><ul><li class=\"share-facebook\"><a rel=\"nofollow noopener noreferrer\" data-shared=\"sharing-facebook-199\" class=\"share-facebook sd-button share-icon no-text\" href=\"https:\/\/www.fc.up.pt\/oiaq2019\/contacto-from-oiaq2019-webpage\/?share=facebook\" target=\"_blank\" title=\"Click to share on Facebook\" ><span><\/span><span class=\"sharing-screen-reader-text\">Click to share on Facebook (Opens in new window)<\/span><\/a><\/li><li class=\"share-linkedin\"><a rel=\"nofollow noopener noreferrer\" data-shared=\"sharing-linkedin-199\" class=\"share-linkedin sd-button share-icon no-text\" href=\"https:\/\/www.fc.up.pt\/oiaq2019\/contacto-from-oiaq2019-webpage\/?share=linkedin\" target=\"_blank\" title=\"Click to share on LinkedIn\" ><span><\/span><span class=\"sharing-screen-reader-text\">Click to share on LinkedIn (Opens in new window)<\/span><\/a><\/li><li class=\"share-twitter\"><a rel=\"nofollow noopener noreferrer\" data-shared=\"sharing-twitter-199\" class=\"share-twitter sd-button share-icon no-text\" href=\"https:\/\/www.fc.up.pt\/oiaq2019\/contacto-from-oiaq2019-webpage\/?share=twitter\" target=\"_blank\" title=\"Click to share on Twitter\" ><span><\/span><span class=\"sharing-screen-reader-text\">Click to share on Twitter (Opens in new window)<\/span><\/a><\/li><li class=\"share-jetpack-whatsapp\"><a rel=\"nofollow noopener noreferrer\" data-shared=\"\" class=\"share-jetpack-whatsapp sd-button share-icon no-text\" href=\"https:\/\/www.fc.up.pt\/oiaq2019\/contacto-from-oiaq2019-webpage\/?share=jetpack-whatsapp\" target=\"_blank\" title=\"Click to share on WhatsApp\" ><span><\/span><span class=\"sharing-screen-reader-text\">Click to share on WhatsApp (Opens in new window)<\/span><\/a><\/li><li class=\"share-end\"><\/li><\/ul><\/div><\/div><\/div>","protected":false},"excerpt":{"rendered":"<p>Correio (correo) electr\u00f3nico: oiaq2019@fc.up.pt Morada (Direcci\u00f3n) Departamento de Qu\u00edmica e Bioqu\u00edmica (DQB)Faculdade de Ci\u00eancias da Universidade do Porto (FCUP)Rua do Campo Algre S\/N4169-007 Porto PortugalTelefones (Tel\u00e9fonos):+351 220 402 653\/655 (Secretaria)+351 220 402 538 (Maria das Dores R.S. &#8211; Presidente OIAQ 2019) &nbsp; Envie-nos as suas d\u00favidas, sugest\u00f5es ou coment\u00e1rios, completando o seguinte formul\u00e1rio: Env\u00edenos sus &hellip; <a href=\"https:\/\/www.fc.up.pt\/oiaq2019\/contacto-from-oiaq2019-webpage\/\" class=\"more-link\">Continue reading <span class=\"screen-reader-text\">Contacto<\/span><\/a><\/p>\n<div class=\"sharedaddy sd-sharing-enabled\"><div class=\"robots-nocontent sd-block sd-social sd-social-icon sd-sharing\"><h3 class=\"sd-title\">Share this:<\/h3><div class=\"sd-content\"><ul><li class=\"share-facebook\"><a rel=\"nofollow noopener noreferrer\" data-shared=\"sharing-facebook-199\" class=\"share-facebook sd-button share-icon no-text\" href=\"https:\/\/www.fc.up.pt\/oiaq2019\/contacto-from-oiaq2019-webpage\/?share=facebook\" target=\"_blank\" title=\"Click to share on Facebook\" ><span><\/span><span class=\"sharing-screen-reader-text\">Click to share on Facebook (Opens in new window)<\/span><\/a><\/li><li class=\"share-linkedin\"><a rel=\"nofollow noopener noreferrer\" data-shared=\"sharing-linkedin-199\" class=\"share-linkedin sd-button share-icon no-text\" href=\"https:\/\/www.fc.up.pt\/oiaq2019\/contacto-from-oiaq2019-webpage\/?share=linkedin\" target=\"_blank\" title=\"Click to share on LinkedIn\" ><span><\/span><span class=\"sharing-screen-reader-text\">Click to share on LinkedIn (Opens in new window)<\/span><\/a><\/li><li class=\"share-twitter\"><a rel=\"nofollow noopener noreferrer\" data-shared=\"sharing-twitter-199\" class=\"share-twitter sd-button share-icon no-text\" href=\"https:\/\/www.fc.up.pt\/oiaq2019\/contacto-from-oiaq2019-webpage\/?share=twitter\" target=\"_blank\" title=\"Click to share on Twitter\" ><span><\/span><span class=\"sharing-screen-reader-text\">Click to share on Twitter (Opens in new window)<\/span><\/a><\/li><li class=\"share-jetpack-whatsapp\"><a rel=\"nofollow noopener noreferrer\" data-shared=\"\" class=\"share-jetpack-whatsapp sd-button share-icon no-text\" href=\"https:\/\/www.fc.up.pt\/oiaq2019\/contacto-from-oiaq2019-webpage\/?share=jetpack-whatsapp\" target=\"_blank\" title=\"Click to share on WhatsApp\" ><span><\/span><span class=\"sharing-screen-reader-text\">Click to share on WhatsApp (Opens in new window)<\/span><\/a><\/li><li class=\"share-end\"><\/li><\/ul><\/div><\/div><\/div>","protected":false},"author":1,"featured_media":0,"parent":0,"menu_order":0,"comment_status":"closed","ping_status":"closed","template":"","meta":{"ngg_post_thumbnail":0,"jetpack_post_was_ever_published":false},"jetpack_shortlink":"https:\/\/wp.me\/PaLPYJ-3d","jetpack_likes_enabled":false,"jetpack_sharing_enabled":true,"_links":{"self":[{"href":"https:\/\/www.fc.up.pt\/oiaq2019\/wp-json\/wp\/v2\/pages\/199"}],"collection":[{"href":"https:\/\/www.fc.up.pt\/oiaq2019\/wp-json\/wp\/v2\/pages"}],"about":[{"href":"https:\/\/www.fc.up.pt\/oiaq2019\/wp-json\/wp\/v2\/types\/page"}],"author":[{"embeddable":true,"href":"https:\/\/www.fc.up.pt\/oiaq2019\/wp-json\/wp\/v2\/users\/1"}],"replies":[{"embeddable":true,"href":"https:\/\/www.fc.up.pt\/oiaq2019\/wp-json\/wp\/v2\/comments?post=199"}],"version-history":[{"count":20,"href":"https:\/\/www.fc.up.pt\/oiaq2019\/wp-json\/wp\/v2\/pages\/199\/revisions"}],"predecessor-version":[{"id":1299,"href":"https:\/\/www.fc.up.pt\/oiaq2019\/wp-json\/wp\/v2\/pages\/199\/revisions\/1299"}],"wp:attachment":[{"href":"https:\/\/www.fc.up.pt\/oiaq2019\/wp-json\/wp\/v2\/media?parent=199"}],"curies":[{"name":"wp","href":"https:\/\/api.w.org\/{rel}","templated":true}]}}