{"id":87,"date":"2019-02-03T19:22:27","date_gmt":"2019-02-03T19:22:27","guid":{"rendered":"http:\/\/www.fc.up.pt\/medc\/?page_id=87"},"modified":"2026-02-16T13:25:26","modified_gmt":"2026-02-16T13:25:26","slug":"equipa","status":"publish","type":"page","link":"https:\/\/www.fc.up.pt\/medc\/equipa\/","title":{"rendered":"Equipa"},"content":{"rendered":"\n<h2><strong>Comiss\u00e3o cient\u00edfica <\/strong><\/h2>\n\n\n\n<ul><li>Presidente &#8211; <a rel=\"noreferrer noopener\" href=\"https:\/\/sigarra.up.pt\/fcup\/pt\/FUNC_GERAL.FORMVIEW?P_CODIGO=705819\" target=\"_blank\">Cec\u00edlia Vieira Guerra (cguerra@fc.up.pt)<\/a><\/li><li>Membro &#8211; <a rel=\"noreferrer noopener\" href=\"https:\/\/orcid.org\/0000-0002-5138-875X\" target=\"_blank\">Maria Jo\u00e3o Guimar\u00e3es Fonseca (mjfonseca@mhnc.up.pt)<\/a><\/li><li>Membro &#8211; <a rel=\"noreferrer noopener\" href=\"https:\/\/sigarra.up.pt\/fcup\/pt\/func_geral.FormView?P_CODIGO=202987\" target=\"_blank\">Paulo Sime\u00e3o de Carvalho (psimeao@fc.up.pt)<\/a><\/li><\/ul>\n\n\n\n<p><\/p>\n\n\n\n<h2><strong>Comiss\u00e3o de acompanhamento<\/strong><\/h2>\n\n\n\n<ul><li>Presidente &#8211; Cec\u00edlia Vieira Guerra<\/li><\/ul>\n\n\n\n<ul><li>Membro Docente &#8211; Lu\u00eds Miguel Barros Lopes<\/li><\/ul>\n\n\n\n<ul><li>Membro Estudante &#8211; Ana Cristina da Rocha Miranda<\/li><\/ul>\n\n\n\n<ul><li>Membro Estudante &#8211; Elsa dos Santos Pires<\/li><\/ul>\n\n\n\n<p><\/p>\n","protected":false},"excerpt":{"rendered":"<p>Comiss\u00e3o cient\u00edfica Presidente &#8211; Cec\u00edlia Vieira Guerra (cguerra@fc.up.pt) Membro &#8211; Maria Jo\u00e3o Guimar\u00e3es Fonseca (mjfonseca@mhnc.up.pt) Membro &#8211; Paulo Sime\u00e3o de&nbsp;<a href=\"https:\/\/www.fc.up.pt\/medc\/equipa\/\">&hellip;<\/a><\/p>\n","protected":false},"author":1,"featured_media":0,"parent":0,"menu_order":0,"comment_status":"closed","ping_status":"closed","template":"template-fullwidth.php","meta":{"advgb_blocks_editor_width":"","advgb_blocks_columns_visual_guide":""},"_links":{"self":[{"href":"https:\/\/www.fc.up.pt\/medc\/wp-json\/wp\/v2\/pages\/87"}],"collection":[{"href":"https:\/\/www.fc.up.pt\/medc\/wp-json\/wp\/v2\/pages"}],"about":[{"href":"https:\/\/www.fc.up.pt\/medc\/wp-json\/wp\/v2\/types\/page"}],"author":[{"embeddable":true,"href":"https:\/\/www.fc.up.pt\/medc\/wp-json\/wp\/v2\/users\/1"}],"replies":[{"embeddable":true,"href":"https:\/\/www.fc.up.pt\/medc\/wp-json\/wp\/v2\/comments?post=87"}],"version-history":[{"count":12,"href":"https:\/\/www.fc.up.pt\/medc\/wp-json\/wp\/v2\/pages\/87\/revisions"}],"predecessor-version":[{"id":1241,"href":"https:\/\/www.fc.up.pt\/medc\/wp-json\/wp\/v2\/pages\/87\/revisions\/1241"}],"wp:attachment":[{"href":"https:\/\/www.fc.up.pt\/medc\/wp-json\/wp\/v2\/media?parent=87"}],"curies":[{"name":"wp","href":"https:\/\/api.w.org\/{rel}","templated":true}]}}