{"id":505,"date":"2019-01-23T21:13:12","date_gmt":"2019-01-23T20:13:12","guid":{"rendered":"http:\/\/web.fc.up.pt\/giedif\/?page_id=505"},"modified":"2024-10-27T19:48:52","modified_gmt":"2024-10-27T18:48:52","slug":"vlab-fis-10-o-ano","status":"publish","type":"page","link":"https:\/\/www.fc.up.pt\/giedif\/vlab-fis-10-o-ano\/","title":{"rendered":"V\u00eddeos Vlab-Fis 10.\u00ba ano"},"content":{"rendered":"<h3><strong><span style=\"color: #ff6600;\">V\u00eddeos <\/span><span style=\"color: #ff6600;\">Vlab-Fis 10.\u00ba ano<\/span><\/strong><\/h3>\n<div class=\"row\">\n<div class=\"col-md-3\">\n<h4><span style=\"color: #0000ff;\">Vlab-Fis:\u00a0<\/span><span style=\"color: #0000ff;\">Movimento num plano inclinado<\/span><\/h4>\n<\/div>\n<div class=\"col-md-5\">\n<p>O v\u00eddeo introdut\u00f3rio \u00e9 sobre a atividade experimental <strong>AL 1.1 \u2013 Movimento num plano inclinado: varia\u00e7\u00e3o da energia cin\u00e9tica e dist\u00e2ncia percorrida<\/strong>, do 10.\u00ba ano de F\u00edsico-Qu\u00edmica, componente de F\u00edsica.<\/p>\n<p>Esta atividade experimental possibilita ao aluno relacionar a energia cin\u00e9tica de um corpo com a dist\u00e2ncia percorrida quando este desce por um plano inclinado.<\/p>\n<p><a href=\"http:\/\/web.fc.up.pt\/giedif\/guides\/AL 1_1_10ano_Roteiro de exploracao do video introdutorio.pdf\" target=\"_blank\" rel=\"noopener noreferrer\">Roteiro de explora\u00e7\u00e3o do v\u00eddeo introdut\u00f3rio<\/a><\/p>\n<p><a href=\"https:\/\/youtu.be\/db5XSgp_qHI\">V\u00eddeo 1<\/a>\u00a0 &#8211; massa de 50 g; \u00e2ngulo de 10 graus<\/p>\n<p><a href=\"https:\/\/youtu.be\/KLpAb91w11o\">V\u00eddeo 2<\/a>\u00a0 &#8211; massa de 100 g; \u00e2ngulo de 10 graus<\/p>\n<p><a href=\"https:\/\/youtu.be\/-kMmImgXWdw\">V\u00eddeo 3<\/a>\u00a0 &#8211; massa de 50 g; \u00e2ngulo de 20 graus<\/p>\n<p><span style=\"color: #0000ff;\">NOTA: descarregar os v\u00eddeos com o programa ClipConverter.cc, para preservar a taxa de aquisi\u00e7\u00e3o.<strong>(https:\/\/www.clipconverter.cc\/<\/strong>)<\/span><\/p>\n<\/div>\n<div class=\"col-md-4\">\n<div class=\"kad-youtube-shortcode videofit\"  ><iframe width=\"600\" height=\"400\" src=\"\/\/www.youtube.com\/embed\/Szb5bq9tH4Q?autoplay=0&amp;controls=1&amp;fs=1&amp;modestbranding=0&amp;theme=dark&amp;rel=0&amp;loop=0\" frameborder=\"0\" allowfullscreen=\"true\"><\/iframe><\/div>\n<\/div>\n<\/div>\n<div class=\"row\">\n<div class=\"col-md-3\">\n<h4><span style=\"color: #0000ff;\">Vlab-Fis:\u00a0Movimento vertical de queda e ressalto de uma bola<\/span><\/h4>\n<\/div>\n<div class=\"col-md-5\">\n<p>O v\u00eddeo introdut\u00f3rio \u00e9 sobre a atividade experimental <strong>AL 1.2 \u2013 Movimento vertical de queda e ressalto de uma bola: transforma\u00e7\u00f5es e transfer\u00eancias de energia<\/strong>, do 10.\u00ba ano de F\u00edsico-Qu\u00edmica, componente de F\u00edsica.<\/p>\n<p>Esta atividade experimental possibilita ao aluno estudar as transforma\u00e7\u00f5es entre a energia potencial grav\u00edtica e a energia cin\u00e9tica, determinar o coeficiente de restitui\u00e7\u00e3o el\u00e1stica quando a bola colide com o solo e analisar as varia\u00e7\u00f5es de energia mec\u00e2nica da bola ao longo dos ressaltos.<\/p>\n<p><a href=\"http:\/\/web.fc.up.pt\/giedif\/guides\/AL 1_2_10ano_Roteiro de exploracao do video introdutorio.pdf\" target=\"_blank\" rel=\"noopener noreferrer\">Roteiro de explora\u00e7\u00e3o do v\u00eddeo introdut\u00f3rio<\/a><\/p>\n<p><a href=\"https:\/\/youtu.be\/Ww8GnbLT5L8\">V\u00eddeo 1<\/a>\u00a0 &#8211; Bola de borracha; piso de esferovite (isopor)<\/p>\n<p><a href=\"https:\/\/youtu.be\/rbe4Sbw3h1s\">V\u00eddeo 2<\/a>\u00a0 &#8211; Bola de borracha; piso de lin\u00f3leo<\/p>\n<p><a href=\"https:\/\/youtu.be\/IWqS_x09FR4\">V\u00eddeo 3<\/a>\u00a0 &#8211; Bola de borracha; piso de madeira<\/p>\n<p><a href=\"https:\/\/youtu.be\/UOAPuIBexyA\">V\u00eddeo 4<\/a>\u00a0 &#8211; Bola de ping pong; piso de madeira<\/p>\n<p><a href=\"https:\/\/youtu.be\/EFlXKdywf38\">V\u00eddeo 5<\/a>\u00a0 &#8211; Bola de voleibol; piso de madeira<\/p>\n<p><span style=\"color: #0000ff;\">NOTA: descarregar os v\u00eddeos com o programa ClipConverter.cc, para preservar a taxa de aquisi\u00e7\u00e3o.<strong>(https:\/\/www.clipconverter.cc\/<\/strong>)<\/span><\/p>\n<\/div>\n<div class=\"col-md-4\">\n<div class=\"kad-youtube-shortcode videofit\"  ><iframe width=\"600\" height=\"400\" src=\"\/\/www.youtube.com\/embed\/UHikkWZOB58?autoplay=0&amp;controls=1&amp;fs=1&amp;modestbranding=0&amp;theme=dark&amp;rel=0&amp;loop=0\" frameborder=\"0\" allowfullscreen=\"true\"><\/iframe><\/div>\n<\/div>\n<\/div>\n<div class=\"row\">\n<div class=\"col-md-3\">\n<h4><span style=\"color: #0000ff;\">Vlab-Fis:\u00a0 Caracter\u00edsticas de uma pilha<\/span><\/h4>\n<\/div>\n<div class=\"col-md-5\">\n<p>O v\u00eddeo introdut\u00f3rio \u00e9 sobre a atividade experimental <strong>AL 2.1 \u2013 Caracter\u00edsticas de uma pilha<\/strong>, do 10.\u00ba ano de F\u00edsico-Qu\u00edmica, componente de F\u00edsica.<\/p>\n<p>Esta atividade experimental possibilita ao aluno estudar e calcular as caracter\u00edsticas de uma pilha, nomeadamente a for\u00e7a eletromotriz e a sua resist\u00eancia interna, bem como associar um modelo f\u00edsico explicativo.<\/p>\n<p><a href=\"http:\/\/web.fc.up.pt\/giedif\/guides\/AL 2_1_10ano_Roteiro de exploracao do video introdutorio.pdf\" target=\"_blank\" rel=\"noopener noreferrer\">Roteiro de explora\u00e7\u00e3o do v\u00eddeo introdut\u00f3rio<\/a><\/p>\n<p>Simula\u00e7\u00e3o HTML 5\u00a0<a href=\"https:\/\/phet.colorado.edu\/pt\/simulation\/circuit-construction-kit-dc\" target=\"_blank\" rel=\"noopener noreferrer\"><img loading=\"lazy\" class=\"alignnone wp-image-609\" src=\"http:\/\/www.fc.up.pt\/giedif\/wp-content\/uploads\/2020\/08\/html5.png\" alt=\"\" width=\"25\" height=\"25\" srcset=\"https:\/\/www.fc.up.pt\/giedif\/wp-content\/uploads\/2020\/08\/html5.png 225w, https:\/\/www.fc.up.pt\/giedif\/wp-content\/uploads\/2020\/08\/html5-150x150.png 150w, https:\/\/www.fc.up.pt\/giedif\/wp-content\/uploads\/2020\/08\/html5-60x60.png 60w\" sizes=\"(max-width: 25px) 100vw, 25px\" \/><\/a>\u00a0<a href=\"http:\/\/web.fc.up.pt\/giedif\/simulations\/AL 2_1_10ano_Roteiro de exploracao da Simulacao.pdf\" target=\"_blank\" rel=\"noopener noreferrer\">Roteiro de explora\u00e7\u00e3o da simula\u00e7\u00e3o<\/a><\/p>\n<\/div>\n<div class=\"col-md-4\">\n<div class=\"kad-youtube-shortcode videofit\"  ><iframe width=\"600\" height=\"400\" src=\"\/\/www.youtube.com\/embed\/sHpMmF4UOZE?autoplay=0&amp;controls=1&amp;fs=1&amp;modestbranding=0&amp;theme=dark&amp;rel=0&amp;loop=0\" frameborder=\"0\" allowfullscreen=\"true\"><\/iframe><\/div>\n<\/div>\n<\/div>\n<div class=\"row\">\n<div class=\"col-md-3\">\n<h4><span style=\"color: #0000ff;\">Vlab-Fis:\u00a0Radia\u00e7\u00e3o e pot\u00eancia el\u00e9trica de um painel fotovoltaico<\/span><\/h4>\n<\/div>\n<div class=\"col-md-5\">\n<p>O v\u00eddeo introdut\u00f3rio \u00e9 sobre a atividade experimental <strong>AL 3.1 \u2013 Radia\u00e7\u00e3o e pot\u00eancia el\u00e9trica de um painel fotovoltaico<\/strong>, do 10.\u00ba ano de F\u00edsico-Qu\u00edmica, componente de F\u00edsica.<\/p>\n<p>Esta atividade experimental possibilita ao aluno conhecer o funcionamento de um painel fotovoltaico, analisar as condi\u00e7\u00f5es em que a pot\u00eancia el\u00e9trica produzida pelo painel \u00e9 m\u00e1xima e refletir sobre a sua utiliza\u00e7\u00e3o na sociedade atual, quer em termos de exposi\u00e7\u00e3o solar, quer na otimiza\u00e7\u00e3o da sua utiliza\u00e7\u00e3o em circuitos el\u00e9tricos com resist\u00eancia vari\u00e1vel.<\/p>\n<p><a href=\"http:\/\/web.fc.up.pt\/giedif\/guides\/AL 3_1_10ano_Roteiro de exploracao do video introdutorio.pdf\" target=\"_blank\" rel=\"noopener noreferrer\">Roteiro de explora\u00e7\u00e3o do v\u00eddeo introdut\u00f3rio<\/a><\/p>\n<p>Simula\u00e7\u00e3o JAVA <a href=\"http:\/\/web.fc.up.pt\/giedif\/simulations\/AL 3_1_10ano_Formas de Energia e Transformacoes.jar\" target=\"_blank\" rel=\"noopener noreferrer\"><img loading=\"lazy\" class=\"alignnone wp-image-374\" src=\"http:\/\/web.fc.up.pt\/giedif\/wp-content\/uploads\/2017\/05\/java_icon.png\" alt=\"java_icon\" width=\"27\" height=\"27\" srcset=\"https:\/\/www.fc.up.pt\/giedif\/wp-content\/uploads\/2017\/05\/java_icon.png 259w, https:\/\/www.fc.up.pt\/giedif\/wp-content\/uploads\/2017\/05\/java_icon-150x150.png 150w, https:\/\/www.fc.up.pt\/giedif\/wp-content\/uploads\/2017\/05\/java_icon-60x60.png 60w\" sizes=\"(max-width: 27px) 100vw, 27px\" \/><\/a>\u00a0<a href=\"http:\/\/web.fc.up.pt\/giedif\/simulations\/AL 3_1_10ano_Roteiro de exploracoo da Simulacao.pdf\" target=\"_blank\" rel=\"noopener noreferrer\">Roteiro de explora\u00e7\u00e3o da simula\u00e7\u00e3o<\/a><\/p>\n<\/div>\n<div class=\"col-md-4\">\n<div class=\"kad-youtube-shortcode videofit\"  ><iframe width=\"600\" height=\"400\" src=\"\/\/www.youtube.com\/embed\/-rksKOsZxek?autoplay=0&amp;controls=1&amp;fs=1&amp;modestbranding=0&amp;theme=dark&amp;rel=0&amp;loop=0\" frameborder=\"0\" allowfullscreen=\"true\"><\/iframe><\/div>\n<\/div>\n<\/div>\n<div class=\"row\">\n<div class=\"col-md-3\">\n<h4><span style=\"color: #0000ff;\">Vlab-Fis:\u00a0Capacidade t\u00e9rmica m\u00e1ssica<\/span><\/h4>\n<\/div>\n<div class=\"col-md-5\">\n<p>O v\u00eddeo introdut\u00f3rio \u00e9 sobre a atividade experimental <strong>AL 3.2 \u2013 Capacidade t\u00e9rmica m\u00e1ssica<\/strong>, do 10.\u00ba ano de F\u00edsico-Qu\u00edmica, componente de F\u00edsica.<\/p>\n<p>Esta atividade experimental possibilita ao aluno estudar a varia\u00e7\u00e3o de temperatura de blocos de diferentes materiais quando se se lhes fornece energia. O comportamento t\u00e9rmico dos materiais permite compreender por que s\u00e3o usados materiais diferentes em v\u00e1rias aplica\u00e7\u00f5es do dia a dia que envolvem transfer\u00eancias de energia como calor, tais como nos aquecedores el\u00e9tricos a seco ou na refrigera\u00e7\u00e3o autom\u00f3vel.<\/p>\n<p><a href=\"http:\/\/web.fc.up.pt\/giedif\/guides\/AL 3_2_10ano_Roteiro de exploracao do video introdutorio.pdf\" target=\"_blank\" rel=\"noopener noreferrer\">Roteiro de explora\u00e7\u00e3o do v\u00eddeo introdut\u00f3rio<\/a><\/p>\n<p>Simula\u00e7\u00e3o JavaScript (EN)\u00a0<a href=\"https:\/\/www.compadre.org\/Physlets\/thermodynamics\/\" target=\"_blank\" rel=\"noopener noreferrer\"><img loading=\"lazy\" class=\"alignnone wp-image-613\" src=\"http:\/\/www.fc.up.pt\/giedif\/wp-content\/uploads\/2020\/08\/JavaScript_logo-300x300.png\" alt=\"\" width=\"25\" height=\"25\" srcset=\"https:\/\/www.fc.up.pt\/giedif\/wp-content\/uploads\/2020\/08\/JavaScript_logo-300x300.png 300w, https:\/\/www.fc.up.pt\/giedif\/wp-content\/uploads\/2020\/08\/JavaScript_logo-150x150.png 150w, https:\/\/www.fc.up.pt\/giedif\/wp-content\/uploads\/2020\/08\/JavaScript_logo-768x768.png 768w, https:\/\/www.fc.up.pt\/giedif\/wp-content\/uploads\/2020\/08\/JavaScript_logo-60x60.png 60w, https:\/\/www.fc.up.pt\/giedif\/wp-content\/uploads\/2020\/08\/JavaScript_logo.png 910w\" sizes=\"(max-width: 25px) 100vw, 25px\" \/><\/a><a href=\"http:\/\/web.fc.up.pt\/giedif\/simulations\/AL 3_2_10ano_Roteiro de exploracao da simulacao.pdf\" target=\"_blank\" rel=\"noopener noreferrer\">Roteiro de explora\u00e7\u00e3o da simula\u00e7\u00e3o<\/a><\/p>\n<p>Simula\u00e7\u00e3o JAVA <a href=\"https:\/\/www.fc.up.pt\/giedif\/simulations\/Specific Heat Capcity_PT_EN.jar\" target=\"_blank\" rel=\"noopener noreferrer\" data-wplink-url-error=\"true\"><img loading=\"lazy\" class=\"alignnone wp-image-374\" src=\"http:\/\/web.fc.up.pt\/giedif\/wp-content\/uploads\/2017\/05\/java_icon.png\" alt=\"java_icon\" width=\"27\" height=\"27\" srcset=\"https:\/\/www.fc.up.pt\/giedif\/wp-content\/uploads\/2017\/05\/java_icon.png 259w, https:\/\/www.fc.up.pt\/giedif\/wp-content\/uploads\/2017\/05\/java_icon-150x150.png 150w, https:\/\/www.fc.up.pt\/giedif\/wp-content\/uploads\/2017\/05\/java_icon-60x60.png 60w\" sizes=\"(max-width: 27px) 100vw, 27px\" \/><\/a><\/p>\n<\/div>\n<div class=\"col-md-4\">\n<div class=\"kad-youtube-shortcode videofit\"  ><iframe width=\"600\" height=\"400\" src=\"\/\/www.youtube.com\/embed\/xnTyzJppvJI?autoplay=0&amp;controls=1&amp;fs=1&amp;modestbranding=0&amp;theme=dark&amp;rel=0&amp;loop=0\" frameborder=\"0\" allowfullscreen=\"true\"><\/iframe><\/div>\n<\/div>\n<\/div>\n<div class=\"row\">\n<div class=\"col-md-3\">\n<h4><span style=\"color: #0000ff;\">Vlab-Fis:\u00a0Balan\u00e7o energ\u00e9tico num sistema termodin\u00e2mico<\/span><\/h4>\n<\/div>\n<div class=\"col-md-5\">\n<p>O v\u00eddeo introdut\u00f3rio \u00e9 sobre a atividade experimental <strong>AL 3.3 \u2013 Balan\u00e7o energ\u00e9tico num sistema termodin\u00e2mico<\/strong>, do 10.\u00ba ano de F\u00edsico-Qu\u00edmica, componente de F\u00edsica.<\/p>\n<p>Esta atividade experimental possibilita ao aluno estudar a transfer\u00eancia de energia entre dois subsistemas (\u00e1gua e gelo), quando misturados num copo calorim\u00e9trico. Atrav\u00e9s do balan\u00e7o energ\u00e9tico, tendo em conta o c\u00e1lculo da energia necess\u00e1ria para fundir o gelo, o seu aquecimento e a energia transferida pela \u00e1gua no seu arrefecimento, pode-se discutir a eventual &#8220;energia de troca&#8221; entre o sistema e a sua vizinhan\u00e7a. A atividade \u00e9 muito \u00fatil para refletir sobre a viabilidade de construir sistemas isolados.<\/p>\n<p><a href=\"http:\/\/web.fc.up.pt\/giedif\/guides\/AL 3_3_10ano_Roteiro de exploracao do video introdutorio.pdf\" target=\"_blank\" rel=\"noopener noreferrer\">Roteiro de explora\u00e7\u00e3o do v\u00eddeo introdut\u00f3rio<\/a><\/p>\n<p>Simula\u00e7\u00e3o JavaScript (EN)\u00a0<a href=\"https:\/\/www.compadre.org\/Physlets\/thermodynamics\/\" target=\"_blank\" rel=\"noopener noreferrer\"><img loading=\"lazy\" class=\"alignnone wp-image-613\" src=\"http:\/\/www.fc.up.pt\/giedif\/wp-content\/uploads\/2020\/08\/JavaScript_logo-300x300.png\" alt=\"\" width=\"25\" height=\"25\" srcset=\"https:\/\/www.fc.up.pt\/giedif\/wp-content\/uploads\/2020\/08\/JavaScript_logo-300x300.png 300w, https:\/\/www.fc.up.pt\/giedif\/wp-content\/uploads\/2020\/08\/JavaScript_logo-150x150.png 150w, https:\/\/www.fc.up.pt\/giedif\/wp-content\/uploads\/2020\/08\/JavaScript_logo-768x768.png 768w, https:\/\/www.fc.up.pt\/giedif\/wp-content\/uploads\/2020\/08\/JavaScript_logo-60x60.png 60w, https:\/\/www.fc.up.pt\/giedif\/wp-content\/uploads\/2020\/08\/JavaScript_logo.png 910w\" sizes=\"(max-width: 25px) 100vw, 25px\" \/><\/a><a href=\"http:\/\/web.fc.up.pt\/giedif\/simulations\/AL 3_3_10ano_Roteiro de exploracao da simulacao.pdf\" target=\"_blank\" rel=\"noopener noreferrer\">Roteiro de explora\u00e7\u00e3o da simula\u00e7\u00e3o<\/a><\/p>\n<p>Simula\u00e7\u00e3o JAVA (PT &#8211; usar navegador PaleMoon)<a href=\"https:\/\/www.fc.up.pt\/physletspt\/ebook\/animacoes\/Termodinamica\/index.htm\" target=\"_blank\" rel=\"noopener noreferrer\"><img loading=\"lazy\" class=\"alignnone wp-image-374\" src=\"http:\/\/web.fc.up.pt\/giedif\/wp-content\/uploads\/2017\/05\/java_icon.png\" alt=\"java_icon\" width=\"27\" height=\"27\" srcset=\"https:\/\/www.fc.up.pt\/giedif\/wp-content\/uploads\/2017\/05\/java_icon.png 259w, https:\/\/www.fc.up.pt\/giedif\/wp-content\/uploads\/2017\/05\/java_icon-150x150.png 150w, https:\/\/www.fc.up.pt\/giedif\/wp-content\/uploads\/2017\/05\/java_icon-60x60.png 60w\" sizes=\"(max-width: 27px) 100vw, 27px\" \/><\/a><\/p>\n<\/div>\n<div class=\"col-md-4\">\n<div class=\"kad-youtube-shortcode videofit\"  ><iframe width=\"600\" height=\"400\" src=\"\/\/www.youtube.com\/embed\/Oj53zz_bNNY?autoplay=0&amp;controls=1&amp;fs=1&amp;modestbranding=0&amp;theme=dark&amp;rel=0&amp;loop=0\" frameborder=\"0\" allowfullscreen=\"true\"><\/iframe><\/div>\n<\/div>\n<\/div>\n","protected":false},"excerpt":{"rendered":"<p>V\u00eddeos Vlab-Fis 10.\u00ba ano<\/p>\n","protected":false},"author":1,"featured_media":0,"parent":0,"menu_order":0,"comment_status":"closed","ping_status":"closed","template":"","meta":{"kt_blocks_editor_width":""},"_links":{"self":[{"href":"https:\/\/www.fc.up.pt\/giedif\/wp-json\/wp\/v2\/pages\/505"}],"collection":[{"href":"https:\/\/www.fc.up.pt\/giedif\/wp-json\/wp\/v2\/pages"}],"about":[{"href":"https:\/\/www.fc.up.pt\/giedif\/wp-json\/wp\/v2\/types\/page"}],"author":[{"embeddable":true,"href":"https:\/\/www.fc.up.pt\/giedif\/wp-json\/wp\/v2\/users\/1"}],"replies":[{"embeddable":true,"href":"https:\/\/www.fc.up.pt\/giedif\/wp-json\/wp\/v2\/comments?post=505"}],"version-history":[{"count":31,"href":"https:\/\/www.fc.up.pt\/giedif\/wp-json\/wp\/v2\/pages\/505\/revisions"}],"predecessor-version":[{"id":831,"href":"https:\/\/www.fc.up.pt\/giedif\/wp-json\/wp\/v2\/pages\/505\/revisions\/831"}],"wp:attachment":[{"href":"https:\/\/www.fc.up.pt\/giedif\/wp-json\/wp\/v2\/media?parent=505"}],"curies":[{"name":"wp","href":"https:\/\/api.w.org\/{rel}","templated":true}]}}