{"id":281,"date":"2015-10-18T23:00:23","date_gmt":"2015-10-18T22:00:23","guid":{"rendered":"http:\/\/web.fc.up.pt\/giedif\/?page_id=281"},"modified":"2021-02-27T23:47:31","modified_gmt":"2021-02-27T22:47:31","slug":"otica","status":"publish","type":"page","link":"https:\/\/www.fc.up.pt\/giedif\/otica\/","title":{"rendered":"\u00d3tica"},"content":{"rendered":"<h3><strong><span style=\"color: #ff9900;\">\u00d3tica<\/span><\/strong><\/h3>\n<div class=\"row\">\n<div class=\"col-md-3\">\n<h4><span style=\"color: #3366ff;\">Disco de Newton<\/span><\/h4>\n<\/div>\n<div class=\"col-md-5\">\n<p>Isaac Newton foi o primeiro a afirmar que a luz branca \u00e9 composta por v\u00e1rias cores. Ele observou este fen\u00f3meno ap\u00f3s fazer a luz solar atravessar um prisma de vidro. Esse efeito pode ser invertido, isto \u00e9, quando as chamadas &#8220;cores do arco-\u00edris&#8221; se recombinam, o nosso c\u00e9rebro perceciona o branco. Experimentalmente, pode-se conseguido este efeito pondo em rota\u00e7\u00e3o um disco pintado com as sete cores, denominado &#8220;disco de Newton&#8221; em homenagem a este grande f\u00edsico. O v\u00eddeo teve o patroc\u00ednio do Ci\u00eancia Viva ao abrigo do Concurso Escolher Ci\u00eancia, Projeto &#8220;F\u00edsica Itinerante: divulga\u00e7\u00e3o <em>low cost<\/em>&#8220;, PEC 259.<\/p>\n<\/div>\n<div class=\"col-md-4\">\n<div class=\"kad-youtube-shortcode videofit\"  ><iframe width=\"600\" height=\"400\" src=\"\/\/www.youtube.com\/embed\/qj3-8CaUVRA?autoplay=0&amp;controls=1&amp;fs=1&amp;modestbranding=0&amp;theme=dark&amp;rel=0&amp;loop=0\" frameborder=\"0\" allowfullscreen=\"true\"><\/iframe><\/div>\n<\/div>\n<\/div>\n<div class=\"row\">\n<div class=\"col-md-3\">\n<h4><span style=\"color: #3366ff;\">Bola colorida<\/span><\/h4>\n<\/div>\n<div class=\"col-md-5\">\n<p>Quando as tr\u00eas cores prim\u00e1rias vermelho, verde e azul, s\u00e3o emitidas em simult\u00e2neo, o nosso c\u00e9rebro interpreta a cor resultante como branca. Se emitidas duas a duas, obtemos as cores secund\u00e1rias: vermelho + verde = amarelo; vermelho + azul = magenta; verde + azul = ciano. Neste recurso, a luz emitida por 3 LEDs de cores prim\u00e1rias ocorre sequencialmente com um intervalo de tempo muito curto, pelo que pondo a bola em rota\u00e7\u00e3o conseguem-se obter v\u00e1rias das cores secund\u00e1rias. O v\u00eddeo teve o patroc\u00ednio do Ci\u00eancia Viva ao abrigo do Concurso Escolher Ci\u00eancia, Projeto &#8220;F\u00edsica Itinerante: divulga\u00e7\u00e3o <em>low cost<\/em>&#8220;, PEC 259.<\/p>\n<\/div>\n<div class=\"col-md-4\">\n<div class=\"kad-youtube-shortcode videofit\"  ><iframe width=\"600\" height=\"400\" src=\"\/\/www.youtube.com\/embed\/DtyGDfW5VaM?autoplay=0&amp;controls=1&amp;fs=1&amp;modestbranding=0&amp;theme=dark&amp;rel=0&amp;loop=0\" frameborder=\"0\" allowfullscreen=\"true\"><\/iframe><\/div>\n<\/div>\n<\/div>\n<div class=\"row\">\n<div class=\"col-md-3\">\n<h4><span style=\"color: #3366ff;\">Kit de \u00f3tica<\/span><\/h4>\n<\/div>\n<div class=\"col-md-5\">\n<p>Os kit de \u00f3tica cont\u00eam diversos componentes de \u00f3tica, tais como lentes, espelhos e fontes de luz. Neste v\u00eddeo mostra-se o comportamento da luz ao atravessar alguns desses componentes, em particular a import\u00e2ncia desses componentes na corre\u00e7\u00e3o de doen\u00e7as oft\u00e1lmicas. Tamb\u00e9m se pode observar como construir uma luneta de Galileu e um telesc\u00f3pio de Kepler. Para finalizar, apresenta-se o efeito da reflex\u00e3o total da luz, fen\u00f3meno que ocorre no interior das guias de onda e que tem grande aplica\u00e7\u00e3o tecnol\u00f3gica, sobretudo ao n\u00edvel das comunica\u00e7\u00f5es. O v\u00eddeo teve o patroc\u00ednio do Ci\u00eancia Viva ao abrigo do Concurso Escolher Ci\u00eancia, Projeto &#8220;F\u00edsica Itinerante: divulga\u00e7\u00e3o <em>low cost<\/em>&#8220;, PEC 259.<\/p>\n<\/div>\n<div class=\"col-md-4\">\n<div class=\"kad-youtube-shortcode videofit\"  ><iframe width=\"600\" height=\"400\" src=\"\/\/www.youtube.com\/embed\/FeXjI-THiGM?autoplay=0&amp;controls=1&amp;fs=1&amp;modestbranding=0&amp;theme=dark&amp;rel=0&amp;loop=0\" frameborder=\"0\" allowfullscreen=\"true\"><\/iframe><\/div>\n<\/div>\n<\/div>\n<div class=\"row\">\n<div class=\"col-md-3\">\n<h4><span style=\"color: #3366ff;\">O BI dos elementos<\/span><\/h4>\n<\/div>\n<div class=\"col-md-5\">\n<p>Cada elemento qu\u00edmico tem um espectro de emiss\u00e3o caracter\u00edstico, correspondente aos &#8220;saltos&#8221; energ\u00e9ticos dos eletr\u00f5es das \u00faltimas camadas. Esse espectro \u00e9 como o &#8220;Bilhete de Identidade&#8221; de cada elemento, pois \u00e9 \u00fanico e assim permite identific\u00e1-lo. \u00c9 por esse processo que os f\u00edsicos conseguem identificar a constitui\u00e7\u00e3o de estrelas e planetas. As fontes de luz que temos em nossas casas, nomeadamente as fluorescentes e as LED, cont\u00eam compostos \u00e0 base de f\u00f3sforo e usam as propriedades de emiss\u00e3o desses compostos para emitir radia\u00e7\u00e3o vis\u00edvel. Apenas uma an\u00e1lise do espectro de emiss\u00e3o dessas l\u00e2mpadas nos poder\u00e1 informar sobre a qualidade da luz com que iluminamos as nossas casas. O v\u00eddeo teve o patroc\u00ednio do Ci\u00eancia Viva ao abrigo do Concurso Escolher Ci\u00eancia, Projeto &#8220;F\u00edsica Itinerante: divulga\u00e7\u00e3o <em>low cost<\/em>&#8220;, PEC 259..<\/p>\n<\/div>\n<div class=\"col-md-4\">\n<div class=\"kad-youtube-shortcode videofit\"  ><iframe width=\"600\" height=\"400\" src=\"\/\/www.youtube.com\/embed\/EfnQCJqTWVg?autoplay=0&amp;controls=1&amp;fs=1&amp;modestbranding=0&amp;theme=dark&amp;rel=0&amp;loop=0\" frameborder=\"0\" allowfullscreen=\"true\"><\/iframe><\/div>\n<\/div>\n<\/div>\n","protected":false},"excerpt":{"rendered":"<p>\u00d3tica<\/p>\n","protected":false},"author":1,"featured_media":0,"parent":0,"menu_order":0,"comment_status":"closed","ping_status":"closed","template":"","meta":{"kt_blocks_editor_width":""},"_links":{"self":[{"href":"https:\/\/www.fc.up.pt\/giedif\/wp-json\/wp\/v2\/pages\/281"}],"collection":[{"href":"https:\/\/www.fc.up.pt\/giedif\/wp-json\/wp\/v2\/pages"}],"about":[{"href":"https:\/\/www.fc.up.pt\/giedif\/wp-json\/wp\/v2\/types\/page"}],"author":[{"embeddable":true,"href":"https:\/\/www.fc.up.pt\/giedif\/wp-json\/wp\/v2\/users\/1"}],"replies":[{"embeddable":true,"href":"https:\/\/www.fc.up.pt\/giedif\/wp-json\/wp\/v2\/comments?post=281"}],"version-history":[{"count":8,"href":"https:\/\/www.fc.up.pt\/giedif\/wp-json\/wp\/v2\/pages\/281\/revisions"}],"predecessor-version":[{"id":684,"href":"https:\/\/www.fc.up.pt\/giedif\/wp-json\/wp\/v2\/pages\/281\/revisions\/684"}],"wp:attachment":[{"href":"https:\/\/www.fc.up.pt\/giedif\/wp-json\/wp\/v2\/media?parent=281"}],"curies":[{"name":"wp","href":"https:\/\/api.w.org\/{rel}","templated":true}]}}