{"id":251,"date":"2015-09-19T21:02:18","date_gmt":"2015-09-19T20:02:18","guid":{"rendered":"http:\/\/web.fc.up.pt\/giedif\/?page_id=251"},"modified":"2015-10-18T23:39:16","modified_gmt":"2015-10-18T22:39:16","slug":"pressao","status":"publish","type":"page","link":"https:\/\/www.fc.up.pt\/giedif\/pressao\/","title":{"rendered":"Press\u00e3o"},"content":{"rendered":"<h3><strong><span style=\"color: #ff9900;\">Press\u00e3o<\/span><\/strong><\/h3>\n<div class=\"row\">\n<div class=\"col-md-3\">\n<h4><span style=\"color: #3366ff;\">Camp\u00e2nula e Bal\u00e3o<\/span><\/h4>\n<\/div>\n<div class=\"col-md-5\">\n<p>Experi\u00eancia onde se observa a varia\u00e7\u00e3o do volume de um bal\u00e3o fechado no interior de uma camp\u00e2nula, quando \u00e9 extra\u00eddo o ar do seu interior. O v\u00eddeo teve o patroc\u00ednio do Ci\u00eancia Viva ao abrigo do Concurso Escolher Ci\u00eancia, Projeto &#8220;F\u00edsica Itinerante: divulga\u00e7\u00e3o low cost&#8221;, PEC 259.<\/p>\n<\/div>\n<div class=\"col-md-4\">\n<div class=\"kad-youtube-shortcode videofit\"  ><iframe width=\"600\" height=\"400\" src=\"\/\/www.youtube.com\/embed\/uHSG1C8MpG4?autoplay=0&amp;controls=1&amp;fs=1&amp;modestbranding=0&amp;theme=dark&amp;rel=0&amp;loop=0\" frameborder=\"0\" allowfullscreen=\"true\"><\/iframe><\/div>\n<\/div>\n<\/div>\n<p>&nbsp;<\/p>\n<div class=\"row\">\n<div class=\"col-md-3\">\n<h4><span style=\"color: #3366ff;\">Densidade e\u00a0esferas<\/span><\/h4>\n<\/div>\n<div class=\"col-md-5\">\n<p>Podemos acreditar nos nossos sentidos? Esta experi\u00eancia mostra que temos de recorrer a grandezas f\u00edsicas para concluir sobre as condi\u00e7\u00f5es de flutua\u00e7\u00e3o dos corpos. O v\u00eddeo teve o patroc\u00ednio do Ci\u00eancia Viva ao abrigo do Concurso Escolher Ci\u00eancia, Projeto &#8220;F\u00edsica Itinerante: divulga\u00e7\u00e3o low cost&#8221;, PEC 259.<\/p>\n<\/div>\n<div class=\"col-md-4\">\n<div class=\"kad-youtube-shortcode videofit\"  ><iframe width=\"600\" height=\"400\" src=\"\/\/www.youtube.com\/embed\/3CEl6FO6_cA?autoplay=0&amp;controls=1&amp;fs=1&amp;modestbranding=0&amp;theme=dark&amp;rel=0&amp;loop=0\" frameborder=\"0\" allowfullscreen=\"true\"><\/iframe><\/div>\n<\/div>\n<\/div>\n<p>&nbsp;<\/p>\n<div class=\"row\">\n<div class=\"col-md-3\">\n<h4><span style=\"color: #3366ff;\">Discos de Magdeburg<\/span><\/h4>\n<\/div>\n<div class=\"col-md-5\">\n<p>A experi\u00eancia dos Hemisf\u00e9rios de Magdeburgo foi realizada a 8 de Maio de 1654, em Magdeburgo (Alemanha), pelo f\u00edsico Otto Von Guericke (1602-1686), perante o Imperador Friedrich Wilhelm von Brandenburg (1620-1688) e a sua corte.. A experi\u00eancia consistia em separar dois hemisf\u00e9rios de cobre,de 51 cent\u00edmetros de di\u00e2metro, unidos por um anel de couro, formando um volume fechado, de onde foi extra\u00eddo o ar com recurso a uma bomba de v\u00e1cuo, inventada pelo pr\u00f3prio Von Guericke em 1650.. Em cada hemisf\u00e9rio existiam an\u00e9is para prender cabos ou correntes, para serem puxados em sentidos opostos. Apenas foi poss\u00edvel separar os hemisf\u00e9rios com dois grupos de 8 cavalos puxando em sentidos opostos. Este v\u00eddeo mostra o fen\u00f3meno f\u00edsico criado por Von Guericke, usando dois discos planos . O v\u00eddeo teve o patroc\u00ednio do Ci\u00eancia Viva ao abrigo do Concurso Escolher Ci\u00eancia, Projeto &#8220;F\u00edsica Itinerante: divulga\u00e7\u00e3o low cost&#8221;, PEC 259.<\/p>\n<\/div>\n<div class=\"col-md-4\">\n<div class=\"kad-youtube-shortcode videofit\"  ><iframe width=\"600\" height=\"400\" src=\"\/\/www.youtube.com\/embed\/Bx5PKrGZ1UI?autoplay=0&amp;controls=1&amp;fs=1&amp;modestbranding=0&amp;theme=dark&amp;rel=0&amp;loop=0\" frameborder=\"0\" allowfullscreen=\"true\"><\/iframe><\/div>\n<\/div>\n<\/div>\n<p>&nbsp;<\/p>\n<div class=\"row\">\n<div class=\"col-md-3\">\n<h4><span style=\"color: #3366ff;\">Bar\u00f3metro caseiro<\/span><\/h4>\n<\/div>\n<div class=\"col-md-5\">\n<p>O v\u00eddeo mostra como se pode construir um bar\u00f3metro de forma simples, usando apenas \u00e1gua quente, uma garrafa de pl\u00e1stico e um recipiente de vidro transparente. A \u00e1gua pode ser colorida com corante alimentar para real\u00e7ar a diferen\u00e7a de n\u00edvel entre a \u00e1gua dentro da garrafa e a \u00e1gua no recipiente. O v\u00eddeo teve o patroc\u00ednio do Ci\u00eancia Viva ao abrigo do Concurso Escolher Ci\u00eancia, Projeto &#8220;F\u00edsica Itinerante: divulga\u00e7\u00e3o low cost&#8221;, PEC 259.<\/p>\n<\/div>\n<div class=\"col-md-4\">\n<div class=\"kad-youtube-shortcode videofit\"  ><iframe width=\"600\" height=\"400\" src=\"\/\/www.youtube.com\/embed\/zfHNZnd5fxE?autoplay=0&amp;controls=1&amp;fs=1&amp;modestbranding=0&amp;theme=dark&amp;rel=0&amp;loop=0\" frameborder=\"0\" allowfullscreen=\"true\"><\/iframe><\/div>\n<\/div>\n<\/div>\n","protected":false},"excerpt":{"rendered":"<p>Press\u00e3o &nbsp; &nbsp; &nbsp;<\/p>\n","protected":false},"author":1,"featured_media":0,"parent":0,"menu_order":0,"comment_status":"closed","ping_status":"closed","template":"","meta":{"kt_blocks_editor_width":""},"_links":{"self":[{"href":"https:\/\/www.fc.up.pt\/giedif\/wp-json\/wp\/v2\/pages\/251"}],"collection":[{"href":"https:\/\/www.fc.up.pt\/giedif\/wp-json\/wp\/v2\/pages"}],"about":[{"href":"https:\/\/www.fc.up.pt\/giedif\/wp-json\/wp\/v2\/types\/page"}],"author":[{"embeddable":true,"href":"https:\/\/www.fc.up.pt\/giedif\/wp-json\/wp\/v2\/users\/1"}],"replies":[{"embeddable":true,"href":"https:\/\/www.fc.up.pt\/giedif\/wp-json\/wp\/v2\/comments?post=251"}],"version-history":[{"count":5,"href":"https:\/\/www.fc.up.pt\/giedif\/wp-json\/wp\/v2\/pages\/251\/revisions"}],"predecessor-version":[{"id":296,"href":"https:\/\/www.fc.up.pt\/giedif\/wp-json\/wp\/v2\/pages\/251\/revisions\/296"}],"wp:attachment":[{"href":"https:\/\/www.fc.up.pt\/giedif\/wp-json\/wp\/v2\/media?parent=251"}],"curies":[{"name":"wp","href":"https:\/\/api.w.org\/{rel}","templated":true}]}}