{"id":218,"date":"2015-08-26T20:13:36","date_gmt":"2015-08-26T19:13:36","guid":{"rendered":"http:\/\/web.fc.up.pt\/giedif\/?page_id=218"},"modified":"2015-10-18T23:37:56","modified_gmt":"2015-10-18T22:37:56","slug":"movimento-oscilatorio","status":"publish","type":"page","link":"https:\/\/www.fc.up.pt\/giedif\/movimento-oscilatorio\/","title":{"rendered":"Movimento oscilat\u00f3rio"},"content":{"rendered":"<h3><strong><span style=\"color: #ff9900;\">Movimento oscilat\u00f3rio<\/span><\/strong><\/h3>\n<div class=\"row\">\n<div class=\"col-md-3\">\n<h4><span style=\"color: #3366ff;\">Oscila\u00e7\u00e3o da chama de uma vela\u00a0<\/span><\/h4>\n<\/div>\n<div class=\"col-md-5\">\n<p>Oscila\u00e7\u00e3o da chama de uma vela, produzida por um altifalante a emitir um som a uma frequ\u00eancia de 10 Hz. A filmagem foi realizada a uma taxa de 220 fps.<\/p>\n<\/div>\n<div class=\"col-md-4\">\n<div class=\"kad-youtube-shortcode videofit\"  ><iframe width=\"600\" height=\"400\" src=\"\/\/www.youtube.com\/embed\/h1l2ax6X-VE?autoplay=0&amp;controls=1&amp;fs=1&amp;modestbranding=0&amp;theme=dark&amp;rel=0&amp;loop=0\" frameborder=\"0\" allowfullscreen=\"true\"><\/iframe><\/div>\n<\/div>\n<\/div>\n<p>&nbsp;<\/p>\n<div class=\"row\">\n<div class=\"col-md-3\">\n<h4 class=\"yt watch-title-container\"><span id=\"eow-title\" class=\"watch-title watch-editable\" dir=\"ltr\" style=\"color: #3366ff;\" title=\"Pulso longitudinal refletido em extremidade fixa da mola\">Pulso longitudinal refletido em extremidade fixa da mola<\/span><\/h4>\n<\/div>\n<div class=\"col-md-5\">\n<p>Filmagem de um pulso longitudinal, que se propaga numa mola e \u00e9 refletido na extremidade fixa da mola. O v\u00eddeo foi registado a uma taxa de 60 fps.<\/p>\n<\/div>\n<div class=\"col-md-4\">\n<div class=\"kad-youtube-shortcode videofit\"  ><iframe width=\"600\" height=\"400\" src=\"\/\/www.youtube.com\/embed\/tP1_Q_kJJv4?autoplay=0&amp;controls=1&amp;fs=1&amp;modestbranding=0&amp;theme=dark&amp;rel=0&amp;loop=0\" frameborder=\"0\" allowfullscreen=\"true\"><\/iframe><\/div>\n<\/div>\n<\/div>\n<p>&nbsp;<\/p>\n<div class=\"row\">\n<div class=\"col-md-3\">\n<h4 class=\"yt watch-title-container\"><span id=\"eow-title\" class=\"watch-title watch-editable\" dir=\"ltr\" style=\"color: #3366ff;\" title=\"Pulso transversal refletido em extremidade fixa\">Pulso transversal refletido em extremidade fixa<\/span><\/h4>\n<\/div>\n<div class=\"col-md-5\">\n<p>Filmagem de um pulso transversal, que se propaga numa mola e \u00e9 refletido na extremidade fixa da mola. O v\u00eddeo foi registado a uma taxa de 60 fps.<\/p>\n<\/div>\n<div class=\"col-md-4\">\n<div class=\"kad-youtube-shortcode videofit\"  ><iframe width=\"600\" height=\"400\" src=\"\/\/www.youtube.com\/embed\/q0Iy4Hi0KCM?autoplay=0&amp;controls=1&amp;fs=1&amp;modestbranding=0&amp;theme=dark&amp;rel=0&amp;loop=0\" frameborder=\"0\" allowfullscreen=\"true\"><\/iframe><\/div>\n<\/div>\n<\/div>\n<p>&nbsp;<\/p>\n<div class=\"row\">\n<div class=\"col-md-3\">\n<h4 class=\"yt watch-title-container\"><span id=\"eow-title\" class=\"watch-title watch-editable\" dir=\"ltr\" style=\"color: #3366ff;\" title=\"Pulso transversal refletido em extremidade m\u00f3vel\">Pulso transversal refletido em extremidade m\u00f3vel<\/span><\/h4>\n<\/div>\n<div class=\"col-md-5\">\n<p>Filmagem de um pulso transversal, que se propaga numa mola e \u00e9 refletido na extremidade m\u00f3vel da mola. O v\u00eddeo foi registado a uma taxa de 60 fps.<\/p>\n<\/div>\n<div class=\"col-md-4\">\n<div class=\"kad-youtube-shortcode videofit\"  ><iframe width=\"600\" height=\"400\" src=\"\/\/www.youtube.com\/embed\/mgnBkyxiGyc?autoplay=0&amp;controls=1&amp;fs=1&amp;modestbranding=0&amp;theme=dark&amp;rel=0&amp;loop=0\" frameborder=\"0\" allowfullscreen=\"true\"><\/iframe><\/div>\n<\/div>\n<\/div>\n","protected":false},"excerpt":{"rendered":"<p>Movimento oscilat\u00f3rio &nbsp; &nbsp; &nbsp;<\/p>\n","protected":false},"author":1,"featured_media":0,"parent":0,"menu_order":0,"comment_status":"closed","ping_status":"closed","template":"","meta":{"kt_blocks_editor_width":""},"_links":{"self":[{"href":"https:\/\/www.fc.up.pt\/giedif\/wp-json\/wp\/v2\/pages\/218"}],"collection":[{"href":"https:\/\/www.fc.up.pt\/giedif\/wp-json\/wp\/v2\/pages"}],"about":[{"href":"https:\/\/www.fc.up.pt\/giedif\/wp-json\/wp\/v2\/types\/page"}],"author":[{"embeddable":true,"href":"https:\/\/www.fc.up.pt\/giedif\/wp-json\/wp\/v2\/users\/1"}],"replies":[{"embeddable":true,"href":"https:\/\/www.fc.up.pt\/giedif\/wp-json\/wp\/v2\/comments?post=218"}],"version-history":[{"count":3,"href":"https:\/\/www.fc.up.pt\/giedif\/wp-json\/wp\/v2\/pages\/218\/revisions"}],"predecessor-version":[{"id":295,"href":"https:\/\/www.fc.up.pt\/giedif\/wp-json\/wp\/v2\/pages\/218\/revisions\/295"}],"wp:attachment":[{"href":"https:\/\/www.fc.up.pt\/giedif\/wp-json\/wp\/v2\/media?parent=218"}],"curies":[{"name":"wp","href":"https:\/\/api.w.org\/{rel}","templated":true}]}}