{"id":62,"date":"2021-07-22T16:43:11","date_gmt":"2021-07-22T15:43:11","guid":{"rendered":"https:\/\/www.fc.up.pt\/dfa\/?page_id=62"},"modified":"2022-08-31T17:05:37","modified_gmt":"2022-08-31T16:05:37","slug":"astronomia","status":"publish","type":"page","link":"https:\/\/www.fc.up.pt\/dfa\/investigacao\/areas-cientificas\/astronomia\/","title":{"rendered":"Astronomia"},"content":{"rendered":"\n<p><\/p>\n\n\n\n<p>A Astronomia \u00e9 uma das \u00e1reas ativas de investiga\u00e7\u00e3o e forma\u00e7\u00e3o no DFA.<\/p>\n\n\n\n<h2 class=\"wp-block-heading\">Investiga\u00e7\u00e3o<\/h2>\n\n\n\n<p>A presen\u00e7a da investiga\u00e7\u00e3o em Astronomia moderna apareceu nos anos 80, levando \u00e0 cria\u00e7\u00e3o do&nbsp;<a rel=\"noreferrer noopener\" href=\"http:\/\/www.astro.up.pt\/\" target=\"_blank\">Centro de Astrof\u00edsica da U.Porto<\/a>&nbsp;(CAUP) em 1989. Desde ent\u00e3o a U.Porto tornou-se na Universidade Portuguesa com o maior grupo de investigadores em Astronomia, que est\u00e3o associados ao CAUP ou em outras unidades da U.Porto.<\/p>\n\n\n\n<p>Desde 2014 que a Universidade acolhe um dos polos do<strong>&nbsp;<a href=\"http:\/\/www.iastro.pt\/\" target=\"_blank\" rel=\"noreferrer noopener\">Instituto de Astrof\u00edsica e Ci\u00eancias do Espa\u00e7o<\/a><\/strong>, a maior unidade de investiga\u00e7\u00e3o e desenvolvimento desta \u00e1rea em Portugal.<\/p>\n\n\n\n<p>A astronomia feita na U.Porto tem uma visibilidade internacional consolidada e um impacto que est\u00e1 acima da m\u00e9dia internacional para esta \u00e1rea.<\/p>\n\n\n\n<p>Os principais <a rel=\"noreferrer noopener\" href=\"http:\/\/www.iastro.pt\/research\/index.html\" target=\"_blank\">t\u00f3picos de investiga\u00e7\u00e3o<\/a> atuais em curso incluem:<\/p>\n\n\n\n<ul class=\"wp-block-list\"><li><a href=\"https:\/\/planetas.iastro.pt\/en\" target=\"_blank\" rel=\"noreferrer noopener\"><strong>Towards de detection and characterisation of other Earths<\/strong><\/a><\/li><li><a href=\"https:\/\/estrelas.iastro.pt\/pt\/\" target=\"_blank\" rel=\"noreferrer noopener\"><strong>Towards a comprehensive study of stars<\/strong><\/a><\/li><li>The assembly history of galaxies across in space and time<\/li><li>Unveiling the dynamics of the Universe<\/li><li>Astronomical instrumentation and systems<\/li><li><a href=\"https:\/\/divulgacao.iastro.pt\/pt\/\" target=\"_blank\" rel=\"noreferrer noopener\"><strong>Science Communication in Astronomy<\/strong><\/a><\/li><\/ul>\n\n\n\n<h2 class=\"wp-block-heading\">Forma\u00e7\u00e3o universit\u00e1ria<\/h2>\n\n\n\n<p>A forma\u00e7\u00e3o em Astronomia na Universidade do Porto teve o seu in\u00edcio em 1984, que levou ao aparecimento na Faculdade de Ci\u00eancias da Universidade do Porto da Licenciatura em F\u00edsica\/Matem\u00e1tica Aplicada &#8211; Ramo de Astronomia (LFMA\/A). Com a transi\u00e7\u00e3o de Bolonha esta passa a ser a Licenciatura em Astronomia (LA) que esteve em funcionamento at\u00e9 2017. Desde essa altura que a forma\u00e7\u00e3o nesta \u00e1rea a nivel de Licenciatura \u00e9 feita atrav\u00e9s do<strong>&nbsp;<a href=\"https:\/\/sigarra.up.pt\/fcup\/pt\/cur_geral.cur_view?pv_curso_id=888&amp;pv_ano_lectivo=2021\" target=\"_blank\" rel=\"noreferrer noopener\">Perfil em Astrof\u00edsica da Licenciatura em F\u00edsica<\/a><\/strong>.<\/p>\n\n\n\n<p>Entre 1994 e 1999 funcionou o <em>Mestrado Europeu em Astronomia<\/em>, que envolveu v\u00e1rias universidades europeias. Na sua sequ\u00eancia surgiu o&nbsp;<a href=\"https:\/\/sigarra.up.pt\/fcup\/pt\/cur_geral.cur_view?pv_curso_id=871\" target=\"_blank\" rel=\"noreferrer noopener\"><strong>Mestrado em Astronomia e Astrof\u00edsica<\/strong><\/a>&nbsp;(MA), vocacionado para a forma\u00e7\u00e3o cient\u00edfica avan\u00e7ada de futuros investigadores em Astronomia.<\/p>\n\n\n\n<p>Em 1997 foi criado o <em>Mestrado em Ensino da Astronomia<\/em> (MEA), que depois funcionou como&nbsp;<em>Mestrado em Desenvolvimento Curricular pela Astronomia<\/em>&nbsp;(MDCA) at\u00e9 2012, que visava essencialmente a forma\u00e7\u00e3o em Astronomia de professores do ensino b\u00e1sico e secund\u00e1rio.<\/p>\n\n\n\n<p>Desde os anos 80 que a Universidade teve <em>Astronomia<\/em> como uma das \u00e1reas cient\u00edficas de doutoramento, que desapareceu com a revis\u00e3o de Bolonha, sendo substituido pelo actual Programa de Doutoramento (3\u00ba Ciclo). O&nbsp;<a href=\"https:\/\/sigarra.up.pt\/fcup\/pt\/cur_geral.cur_view?pv_curso_id=881\" target=\"_blank\" rel=\"noreferrer noopener\"><strong>Programa de Doutoramento em Astronomia<\/strong><\/a>&nbsp;(PDA) teve a sua primeira edi\u00e7\u00e3o em 2004, e visa a forma\u00e7\u00e3o cient\u00edfica avan\u00e7ada em Astronomia.<\/p>\n","protected":false},"excerpt":{"rendered":"<p>A Astronomia \u00e9 uma das \u00e1reas ativas de investiga\u00e7\u00e3o e forma\u00e7\u00e3o no DFA. Investiga\u00e7\u00e3o A presen\u00e7a da investiga\u00e7\u00e3o em Astronomia moderna apareceu nos anos 80, levando \u00e0 cria\u00e7\u00e3o do&nbsp;Centro de Astrof\u00edsica da U.Porto&nbsp;(CAUP) em 1989. Desde ent\u00e3o a U.Porto tornou-se na Universidade Portuguesa com o maior grupo de investigadores em Astronomia, que est\u00e3o associados ao &hellip;<br \/><a href=\"https:\/\/www.fc.up.pt\/dfa\/investigacao\/areas-cientificas\/astronomia\/\" class=\"more-link pen_button pen_element_default pen_icon_arrow_double\">Continue reading <span class=\"screen-reader-text\">Astronomia<\/span><\/a><\/p>\n","protected":false},"author":2,"featured_media":332,"parent":535,"menu_order":1,"comment_status":"closed","ping_status":"closed","template":"","meta":{"footnotes":""},"class_list":["post-62","page","type-page","status-publish","has-post-thumbnail","hentry"],"_links":{"self":[{"href":"https:\/\/www.fc.up.pt\/dfa\/wp-json\/wp\/v2\/pages\/62","targetHints":{"allow":["GET"]}}],"collection":[{"href":"https:\/\/www.fc.up.pt\/dfa\/wp-json\/wp\/v2\/pages"}],"about":[{"href":"https:\/\/www.fc.up.pt\/dfa\/wp-json\/wp\/v2\/types\/page"}],"author":[{"embeddable":true,"href":"https:\/\/www.fc.up.pt\/dfa\/wp-json\/wp\/v2\/users\/2"}],"replies":[{"embeddable":true,"href":"https:\/\/www.fc.up.pt\/dfa\/wp-json\/wp\/v2\/comments?post=62"}],"version-history":[{"count":12,"href":"https:\/\/www.fc.up.pt\/dfa\/wp-json\/wp\/v2\/pages\/62\/revisions"}],"predecessor-version":[{"id":4056,"href":"https:\/\/www.fc.up.pt\/dfa\/wp-json\/wp\/v2\/pages\/62\/revisions\/4056"}],"up":[{"embeddable":true,"href":"https:\/\/www.fc.up.pt\/dfa\/wp-json\/wp\/v2\/pages\/535"}],"wp:featuredmedia":[{"embeddable":true,"href":"https:\/\/www.fc.up.pt\/dfa\/wp-json\/wp\/v2\/media\/332"}],"wp:attachment":[{"href":"https:\/\/www.fc.up.pt\/dfa\/wp-json\/wp\/v2\/media?parent=62"}],"curies":[{"name":"wp","href":"https:\/\/api.w.org\/{rel}","templated":true}]}}