{"id":5700,"date":"2025-04-02T16:03:54","date_gmt":"2025-04-02T15:03:54","guid":{"rendered":"https:\/\/www.fc.up.pt\/dfa\/?page_id=5700"},"modified":"2025-04-07T15:46:53","modified_gmt":"2025-04-07T14:46:53","slug":"dias-da-fisica-8-e-9-de-abril-de-2025","status":"publish","type":"page","link":"https:\/\/www.fc.up.pt\/dfa\/comunicacao\/acoes-e-eventos\/dias-da-fisica-8-e-9-de-abril-de-2025\/","title":{"rendered":"DIAS DA F\u00cdSICA (8 e 9 de abril de 2025)"},"content":{"rendered":"\n<figure class=\"wp-block-image size-full\"><img loading=\"lazy\" decoding=\"async\" width=\"1896\" height=\"458\" src=\"https:\/\/www.fc.up.pt\/dfa\/wp-content\/uploads\/banner_DiasFisica-2.jpg\" alt=\"\" class=\"wp-image-4661\" srcset=\"https:\/\/www.fc.up.pt\/dfa\/wp-content\/uploads\/banner_DiasFisica-2.jpg 1896w, https:\/\/www.fc.up.pt\/dfa\/wp-content\/uploads\/banner_DiasFisica-2-300x72.jpg 300w, https:\/\/www.fc.up.pt\/dfa\/wp-content\/uploads\/banner_DiasFisica-2-1260x304.jpg 1260w, https:\/\/www.fc.up.pt\/dfa\/wp-content\/uploads\/banner_DiasFisica-2-152x37.jpg 152w, https:\/\/www.fc.up.pt\/dfa\/wp-content\/uploads\/banner_DiasFisica-2-768x186.jpg 768w, https:\/\/www.fc.up.pt\/dfa\/wp-content\/uploads\/banner_DiasFisica-2-1536x371.jpg 1536w\" sizes=\"auto, (max-width: 1896px) 100vw, 1896px\" \/><\/figure>\n\n\n\n<p>Com vista a dar a conhecer um pouco da atividade cient\u00edfica que se desenvolve no DFA, ir\u00e1 decorrer nos pr\u00f3ximos dias 8 e 9 de abril a 3\u00aa edi\u00e7\u00e3o dos \u201cDias da F\u00edsica\u201d. O objetivo \u00e9 mostrar aos alunos das licenciaturas de F\u00edsica e Engenharia F\u00edsica diferentes percursos profissionais, dentro e fora da vida acad\u00e9mica, que est\u00e3o ao alcance de um estudante de F\u00edsica.<\/p>\n\n\n<div class=\"wp-block-image\">\n<figure class=\"aligncenter size-large is-resized\"><img loading=\"lazy\" decoding=\"async\" width=\"1139\" height=\"1024\" src=\"https:\/\/www.fc.up.pt\/dfa\/wp-content\/uploads\/Untitled-1139x1024.jpg\" alt=\"\" class=\"wp-image-5712\" style=\"width:470px;height:auto\" srcset=\"https:\/\/www.fc.up.pt\/dfa\/wp-content\/uploads\/Untitled-1139x1024.jpg 1139w, https:\/\/www.fc.up.pt\/dfa\/wp-content\/uploads\/Untitled-300x270.jpg 300w, https:\/\/www.fc.up.pt\/dfa\/wp-content\/uploads\/Untitled-152x137.jpg 152w, https:\/\/www.fc.up.pt\/dfa\/wp-content\/uploads\/Untitled-768x691.jpg 768w, https:\/\/www.fc.up.pt\/dfa\/wp-content\/uploads\/Untitled.jpg 1170w\" sizes=\"auto, (max-width: 1139px) 100vw, 1139px\" \/><\/figure>\n<\/div>\n\n\n<p class=\"has-medium-font-size\"><strong>Inscrevam-se <mark style=\"background-color:rgba(0, 0, 0, 0);color:#1207e3\" class=\"has-inline-color\"><a href=\"https:\/\/forms.gle\/qT2rqpZiZGfhphhC7\" target=\"_blank\" rel=\"noreferrer noopener\">aqui<\/a><\/mark>!<\/strong><\/p>\n\n\n\n<p class=\"has-black-color has-text-color\"><strong><mark style=\"background-color:rgba(0, 0, 0, 0)\" class=\"has-inline-color has-black-color\">Organiza\u00e7\u00e3o: <\/mark><\/strong>Andr\u00e9 Silva, Arlete Apolin\u00e1rio, Bruno Amorim, Luis Coelho, Miguel Costa e Pedro Teles.<\/p>\n\n\n\n<h2 class=\"wp-block-heading has-medium-font-size\"><strong><mark style=\"background-color:rgba(0, 0, 0, 0);color:#1207e3\" class=\"has-inline-color\">Palestras:<\/mark><em><br>Bruno Amorim (CFP\/IFIMUP) \u2013 Tecidos, cristais e superconductores<\/em><\/strong><\/h2>\n\n\n\n<div class=\"wp-block-group is-vertical is-layout-flex wp-container-core-group-is-layout-8cf370e7 wp-block-group-is-layout-flex\">\n<p>Resumo: No contexto da industria textil, o termo moir\u00e9 descreve um tipo de tecido que apresenta um padr\u00e3o ondulat\u00f3rio. Este padr\u00e3o tem origem na espa\u00e7amento n\u00e3o uniforme, mas semelhante, das linhas que formam o tecido. Mais geralmente, o termo padr\u00e3o de moir\u00e9 descreve padr\u00f5es de larga escala que t\u00eam origem na interfer\u00eancia entre estruturas com padr\u00f5es semelhantes. Desta forma, padr\u00f5es de moir\u00e9 s\u00e3o o equivalente \u00f3ptico do efeito de batimento entre sons com frequ\u00eancias pr\u00f3ximas. Padr\u00f5es de moir\u00e9 podem ser visto em v\u00e1rios objectos do dia-a-dia. Padr\u00f5es de moir\u00e9 tamb\u00e9m podem ocorrer \u00e0 escala nanom\u00e9trica em cristais, sendo a\u00ed respons\u00e1veis por feitos f\u00edsicos fascinantes. Isto \u00e9 mais obvio em bicamadas de grafeno rodadas. Grafeno \u00e9 um cristal bidimensional, formado por uma \u00fanica camada de \u00e1tomos de carbono, numa estrutura de favo-de-mel. Quando duas camadas de grafeno s\u00e3o empilhadas, mas ligeiramente desalinhadas, surge um padr\u00e3o de moir\u00e9. Este padr\u00e3o de moir\u00e9 \u00e9 respons\u00e1vel por uma reconstru\u00e7\u00e3o radical da estrutura de bandas electr\u00f3nica das camadas de grafeno, levando \u00e0 redu\u00e7\u00e3o da velocidade de Fermi e forma\u00e7\u00e3o das chamadas &#8220;bandas planas&#8221;. Neste regime de &#8220;bandas planas&#8221;, bicamas de grafeno rodadas revelam um conjunto de fases correlacionadas, podendo at\u00e9 ser supercondutoras. Nesta palestra, vamos ver como padr\u00f5es de moir\u00e9 podem afectar as propriedades de mat\u00e9ria cristalina e os contributos que investigadores do Departamento de F\u00edsica tiveram para a compreens\u00e3o te\u00f3rica destes materiais ao longo dos anos.<\/p>\n\n\n\n<h2 class=\"wp-block-heading has-medium-font-size\"><strong><em>Catarina Souto (IPO-PORTO) \u2013 &#8220;O novo acelerador linear estereot\u00e1tico girosc\u00f3pico ZAP-X e aplica\u00e7\u00f5es em radiocirurgia&#8221;<\/em><\/strong><\/h2>\n\n\n\n<p>Resumo: Na Radioterapia Externa, a radiocirurgia desempenha um papel central como terapia ablativa n\u00e3o invasiva estabelecida para patologias cerebrais. As caracter\u00edsticas e desenho pouco convencionais do ZAP-X\u00ae representaram um desafio acrescido, no \u00e2mbito da aquisi\u00e7\u00e3o, carateriza\u00e7\u00e3o e valida\u00e7\u00e3o de dados do feixe produzido por este acelerador linear. A aus\u00eancia de metodologias e fatores de corre\u00e7\u00e3o publicados em guidelines internacionais para este sistema elevou ainda mais a complexidade inerente \u00e0 dosimetria de campos pequenos. Esta palestra pretende descrever a complexidade, abrang\u00eancia e import\u00e2ncia do trabalho dos f\u00edsicos m\u00e9dicos aquando da implementa\u00e7\u00e3o cl\u00ednica de t\u00e9cnicas terap\u00eauticas avan\u00e7adas. Esta palestra pretende descrever o trabalho desenvolvido pela equipa de F\u00edsica M\u00e9dica no \u00e2mbito da implementa\u00e7\u00e3o cl\u00ednica do novo sistema girosc\u00f3pico ZAP-X\u00ae (ZAP Surgical Systems), para a realiza\u00e7\u00e3o e tratamentos de radiocirurgia estereot\u00e1xica. Este trabalho foi desenvolvido no Instituto de Radiocirug\u00eda Avanzada (IRCA), em Madrid, entre Setembro 2022 e Fevereiro 2023.<\/p>\n\n\n\n<h2 class=\"wp-block-heading has-medium-font-size\"><strong><em><br>Diana Guimar\u00e3es (INESC TEC) \u2013 Spectral Imaging and Applied Spectroscopy Innovation at INESC TEC<\/em><\/strong><\/h2>\n\n\n\n<p>Resumo: Spectroscopy and spectral imaging play a fundamental role in physics and engineering, driving advancements in industrial applications, instrumentation, and machine learning. At INESC TEC \u2013 Center for Applied Photonics (CAP), research focuses on enhancing these techniques to shed new light into samples characterization, develop innovative<\/p>\n\n\n\n<p>instrumentation, optimize data processing algorithms, and integrate all this information into augmented reality tools. This talk will provide an overview of CAP\u2019s contributions to spectral imaging and applied spectroscopy, covering different methods, their industrial applications, and challenges associated with spectral data analysis. The session aims to highlight the intersection between spectroscopy, engineering, and industrial innovation.<\/p>\n\n\n\n<h2 class=\"wp-block-heading\"><strong><em><br>Eduardo Cristo (CAUP) \u2013 Stellar Contamination in Transmission Spectroscopy of Exoplanets)<\/em><\/strong><\/h2>\n\n\n\n<p>Resumo: In the era of high-resolution spectroscopy, the characterization of exoplanets and their atmospheres has advanced significantly. However, as observational techniques achieve greater precision, the influence of the host star becomes increasingly critical. Stellar activity\u2014manifesting as spots, faculae, and granulation\u2014can introduce spectral distortions, complicating the interpretation of planetary atmospheres and, in some cases, mimicking planetary features. In this presentation, I will discuss methods for modeling the impact of stellar activity on spectroscopic observations during transits. By leveraging both solar observations and synthetic spectra, we can analyze the effects of active regions on absorption lines and assess their implications for exoplanet characterization. A comprehensive understanding of stellar activity is essential for accurately disentangling planetary signals from stellar-induced distortions. By refining our models and analytical techniques, we enhance the reliability of exoplanetary studies, ultimately advancing our ability to probe and interpret the atmospheres of distant worlds.<\/p>\n\n\n\n<h2 class=\"wp-block-heading\"><strong><em><br>Rui Vilarinho (IFIMUP) \u2013 Fononica: Explorar Materiais atrav\u00e9s das suas Vibra\u00e7\u00f5es<\/em><\/strong><\/h2>\n\n\n\n<p>Resumo: A fon\u00f3nica \u00e9 a \u00e1rea da f\u00edsica que estuda as vibra\u00e7\u00f5es quantificadas da rede cristalina dos materiais, conhecidas como fon\u00f5es. Tal como os eletr\u00f5es, os fon\u00f5es desempenham um papel fundamental nas propriedades magn\u00e9ticas, el\u00e9tricas, t\u00e9rmicas e mec\u00e2nicas dos materiais. Ao controlarmos estas vibra\u00e7\u00f5es, podemos estudar materiais com novas<\/p>\n\n\n\n<p>funcionalidades, como para manipula\u00e7\u00e3o de ondas sonoras, isolamento t\u00e9rmico ultrafino e at\u00e9 dispositivos qu\u00e2nticos baseados no transporte de momento angular por fon\u00f5es. Nesta apresenta\u00e7\u00e3o, exploraremos como os fon\u00f5es influenciam o comportamento dos materiais e como a fon\u00f3nica abre caminhos para aplica\u00e7\u00f5es inovadoras na nanotecnologia e na engenharia de materiais.<\/p>\n<\/div>\n\n\n\n<p>\u2014\u2014\u2014\u2014\u2014\u2014\u2014\u2014\u2014\u2014\u2014\u2014<\/p>\n\n\n\n<p class=\"has-medium-font-size\"><strong><mark style=\"background-color:rgba(0, 0, 0, 0);color:#1207e3\" class=\"has-inline-color\">Mesa redonda alunos MSc e PhD:<\/mark><\/strong><\/p>\n\n\n\n<div class=\"wp-block-group has-small-font-size is-vertical is-content-justification-left is-nowrap is-layout-flex wp-container-core-group-is-layout-e95b0813 wp-block-group-is-layout-flex\">\n<p>Tom\u00e1s Jos\u00e9 Moreira Lopes (INESC TEC) \u2013 Programa Doutoral em Engenharia F\u00edsica<\/p>\n\n\n\n<p>Pedro Cunha (CAUP) \u2013 Programa Doutoral em Astronomia<\/p>\n\n\n\n<p>Bruno Mendes (DIGESTAID) \u2013 Programa Doutoral em Engenharia F\u00edsica<\/p>\n\n\n\n<p>Ricardo Francisco Oliveira (CFP) \u2013 Programa Doutoral em F\u00edsica (MAP-FIS)<\/p>\n\n\n\n<p>Andreia Silva (IFIMUP) \u2013 Programa Doutoral em Engenharia F\u00edsica<\/p>\n\n\n\n<p>Andr\u00e9 David da Silva Santos \u2013 Mestrado em Engenharia F\u00edsica<\/p>\n\n\n\n<p>Telmo Monteiro \u2013 Mestrado em Astronomia e Astrof\u00edsica<\/p>\n\n\n\n<p>Celeste Mendes \u2013 Mestrado em F\u00edsica M\u00e9dica<\/p>\n\n\n\n<p>Jo\u00e3o Pinto Cardoso \u2013 Mestrado em F\u00edsica<\/p>\n<\/div>\n\n\n\n<p>\u2014\u2014\u2014\u2014\u2014\u2014\u2014\u2014\u2014\u2014\u2014\u2014<\/p>\n\n\n\n<p class=\"has-medium-font-size\"><strong><mark style=\"background-color:rgba(0, 0, 0, 0);color:#1207e3\" class=\"has-inline-color\">Mesa redonda Ind\u00fastria e Servi\u00e7os:<\/mark><\/strong><\/p>\n\n\n\n<h2 class=\"wp-block-heading has-text-align-left has-medium-font-size\"><strong><em>Duarte Magano (21strategies)<\/em><\/strong><\/h2>\n\n\n\n<p>Duarte Magano estudou f\u00edsica na Universidade do Porto. Concluiu o mestrado em f\u00edsica te\u00f3rica pela \u00c9cole Normale Sup\u00e9rieure e o doutoramento em computa\u00e7\u00e3o qu\u00e2ntica pelo Instituto Superior T\u00e9cnico. Atualmente, trabalha em I&amp;D na 21strategies, onde desenvolve algoritmos para a ind\u00fastria de defesa alem\u00e3. Tamb\u00e9m ensina informa\u00e7\u00e3o qu\u00e2ntica como professor convidado na Universidade do Porto.<\/p>\n\n\n\n<h3 class=\"wp-block-heading\"><strong><em>Ricardo Melo Andr\u00e9 (Bosch Car Multim\u00e9dia, Braga)<\/em><\/strong><\/h3>\n\n\n\n<p>Ricardo Andr\u00e9 holds a Master Degree in Engineering Physics and a PhD in Physics from the University of Porto, which he completed in 2017. Currently, he is a Team Leader at Bosch Car Multim\u00e9dia in Braga, overseeing Radar Development with a focus on Design for Reliability, Test Environment Development, Problem Management, and Project Management activities.<\/p>\n\n\n\n<h3 class=\"wp-block-heading\"><strong><em>Guilherme Teixeira (AmeXio Portugal)<\/em><\/strong><\/h3>\n\n\n\n<p>Guilherme Teixeira holds a master in Astronomy and a PhD in Physics from the University of Porto, completed in 2020. Currently he is the data team lead at Amexio Portugal and, among other activities, he is leading a project for a governmental agency of Luxembourg focused on documents digitalisation and data treatment.<\/p>\n\n\n\n<h3 class=\"wp-block-heading\"><strong><em>Lu\u00eds Cunha (IPO-PORTO)<\/em><\/strong><\/h3>\n\n\n\n<p>Lu\u00eds Paulo Teixeira Cunha \u00e9 F\u00edsico M\u00e9dico, especialista em F\u00edsica M\u00e9dica na \u00e1rea de Radioterapia. Exerce fun\u00e7\u00f5es como T\u00e9cnico Superior na \u00e1rea da F\u00edsica M\u00e9dica no Instituto Portugu\u00eas de Oncologia do Porto Francisco Gentil, E.P.E., e como F\u00edsico M\u00e9dico na Atrys Health Portugal, na \u00e1rea de Medicina Nuclear. \u00c9 tamb\u00e9m Professor Convidado no Mestrado em F\u00edsica M\u00e9dica da Faculdade de Ci\u00eancias da Universidade do Porto, onde leciona a unidade curricular de F\u00edsica da Radioterapia Externa e Braquiterapia, e na Licenciatura em F\u00edsica \u2013 ramo de F\u00edsica M\u00e9dica da Universidade do Minho, onde leciona as unidades curriculares de Dosimetria e Radioterapia e de T\u00e9cnicas Imagiol\u00f3gicas em F\u00edsica M\u00e9dica. Desenvolve ainda atividade de investiga\u00e7\u00e3o no Grupo de F\u00edsica M\u00e9dica, Radiobiologia e Prote\u00e7\u00e3o Radiol\u00f3gica do Instituto Portugu\u00eas de Oncologia do Porto Francisco Gentil, E.P.E.<\/p>\n\n\n\n<h3 class=\"wp-block-heading\"><strong><em>Daniel Mota (Robert Bosch, S.A., Aveiro)<\/em><\/strong><\/h3>\n\n\n\n<p>Daniel Mota holds a Master Degree in Engineering Physics from the University of Porto completed in 2012. He was a strong background in mechanical and refrigeration engineer for Heat Pumps acquired since 2014 in Bosch Termotecnologia S.A. In 2017 he transitioned into engineering product quality area leading teams and groups for a few years before assuming corporate responsibility for product safety in 2023. Currently, he is a Corporate Director in Quality Management at Robert Bosch, S.A. with focus on product safety, risk management and product release processes<\/p>\n\n\n\n<p><\/p>\n","protected":false},"excerpt":{"rendered":"<p>Com vista a dar a conhecer um pouco da atividade cient\u00edfica que se desenvolve no DFA, ir\u00e1 decorrer nos pr\u00f3ximos dias 8 e 9 de abril a 3\u00aa edi\u00e7\u00e3o dos \u201cDias da F\u00edsica\u201d. O objetivo \u00e9 mostrar aos alunos das licenciaturas de F\u00edsica e Engenharia F\u00edsica diferentes percursos profissionais, dentro e fora da vida acad\u00e9mica, &hellip;<br \/><a href=\"https:\/\/www.fc.up.pt\/dfa\/comunicacao\/acoes-e-eventos\/dias-da-fisica-8-e-9-de-abril-de-2025\/\" class=\"more-link pen_button pen_element_default pen_icon_arrow_double\">Continue reading <span class=\"screen-reader-text\">DIAS DA F\u00cdSICA (8 e 9 de abril de 2025)<\/span><\/a><\/p>\n","protected":false},"author":3,"featured_media":0,"parent":1985,"menu_order":33,"comment_status":"closed","ping_status":"closed","template":"","meta":{"footnotes":""},"class_list":["post-5700","page","type-page","status-publish","hentry"],"_links":{"self":[{"href":"https:\/\/www.fc.up.pt\/dfa\/wp-json\/wp\/v2\/pages\/5700","targetHints":{"allow":["GET"]}}],"collection":[{"href":"https:\/\/www.fc.up.pt\/dfa\/wp-json\/wp\/v2\/pages"}],"about":[{"href":"https:\/\/www.fc.up.pt\/dfa\/wp-json\/wp\/v2\/types\/page"}],"author":[{"embeddable":true,"href":"https:\/\/www.fc.up.pt\/dfa\/wp-json\/wp\/v2\/users\/3"}],"replies":[{"embeddable":true,"href":"https:\/\/www.fc.up.pt\/dfa\/wp-json\/wp\/v2\/comments?post=5700"}],"version-history":[{"count":5,"href":"https:\/\/www.fc.up.pt\/dfa\/wp-json\/wp\/v2\/pages\/5700\/revisions"}],"predecessor-version":[{"id":5721,"href":"https:\/\/www.fc.up.pt\/dfa\/wp-json\/wp\/v2\/pages\/5700\/revisions\/5721"}],"up":[{"embeddable":true,"href":"https:\/\/www.fc.up.pt\/dfa\/wp-json\/wp\/v2\/pages\/1985"}],"wp:attachment":[{"href":"https:\/\/www.fc.up.pt\/dfa\/wp-json\/wp\/v2\/media?parent=5700"}],"curies":[{"name":"wp","href":"https:\/\/api.w.org\/{rel}","templated":true}]}}