{"id":532,"date":"2021-09-14T10:20:19","date_gmt":"2021-09-14T09:20:19","guid":{"rendered":"https:\/\/www.fc.up.pt\/dfa\/?page_id=532"},"modified":"2022-09-09T10:20:11","modified_gmt":"2022-09-09T09:20:11","slug":"producao-cientifica","status":"publish","type":"page","link":"https:\/\/www.fc.up.pt\/dfa\/investigacao\/producao-cientifica\/","title":{"rendered":"Resultados"},"content":{"rendered":"\n<p>O DFA \u00e9 respons\u00e1vel por uma vasta&nbsp;produ\u00e7\u00e3o cient\u00edfica e t\u00e9cnica nas suas \u00e1reas de interven\u00e7\u00e3o, que se caracteriza por um impacto internacional elevado medido pelos indicadores habituais de excel\u00eancia.<\/p>\n\n\n\n<h2 class=\"wp-block-heading\">Publica\u00e7\u00f5es<\/h2>\n\n\n\n<p>Os gr\u00e1ficos ilustram a produ\u00e7\u00e3o cient\u00edfica em artigos, mostrando o n\u00famero de publica\u00e7\u00f5es e as cita\u00e7\u00f5es de artigos WoS, do DFA e investigadores U.Porto nos seus institutos (dados de 2022-01-07). \u00c0s mais de 3500 publica\u00e7\u00f5es acumuladas at\u00e9 2021, corresponde um <strong>\u00edndice-H de 132<\/strong>, incluindo a lista <strong>54 &#8220;Highly Cited Papers&#8221;<\/strong> (barra a amarelo) e, pelo menos, <strong>6 artigos com mais de 1000 cita\u00e7\u00f5es<\/strong> cada.<\/p>\n\n\n\n<figure class=\"wp-block-gallery has-nested-images columns-default wp-block-gallery-1 is-layout-flex wp-block-gallery-is-layout-flex\">\n<figure class=\"wp-block-image size-large\"><img loading=\"lazy\" decoding=\"async\" width=\"1260\" height=\"571\" data-id=\"4110\" src=\"https:\/\/www.fc.up.pt\/dfa\/wp-content\/uploads\/2021_Pubs_DFA-1-1260x571.png\" alt=\"\" class=\"wp-image-4110\" srcset=\"https:\/\/www.fc.up.pt\/dfa\/wp-content\/uploads\/2021_Pubs_DFA-1-1260x571.png 1260w, https:\/\/www.fc.up.pt\/dfa\/wp-content\/uploads\/2021_Pubs_DFA-1-300x136.png 300w, https:\/\/www.fc.up.pt\/dfa\/wp-content\/uploads\/2021_Pubs_DFA-1-152x69.png 152w, https:\/\/www.fc.up.pt\/dfa\/wp-content\/uploads\/2021_Pubs_DFA-1-768x348.png 768w, https:\/\/www.fc.up.pt\/dfa\/wp-content\/uploads\/2021_Pubs_DFA-1-1536x696.png 1536w, https:\/\/www.fc.up.pt\/dfa\/wp-content\/uploads\/2021_Pubs_DFA-1.png 1627w\" sizes=\"auto, (max-width: 1260px) 100vw, 1260px\" \/><\/figure>\n\n\n\n<figure class=\"wp-block-image size-large\"><img loading=\"lazy\" decoding=\"async\" width=\"1260\" height=\"613\" data-id=\"4111\" src=\"https:\/\/www.fc.up.pt\/dfa\/wp-content\/uploads\/2021_Cites_DFA-1-1260x613.png\" alt=\"\" class=\"wp-image-4111\" srcset=\"https:\/\/www.fc.up.pt\/dfa\/wp-content\/uploads\/2021_Cites_DFA-1-1260x613.png 1260w, https:\/\/www.fc.up.pt\/dfa\/wp-content\/uploads\/2021_Cites_DFA-1-300x146.png 300w, https:\/\/www.fc.up.pt\/dfa\/wp-content\/uploads\/2021_Cites_DFA-1-152x74.png 152w, https:\/\/www.fc.up.pt\/dfa\/wp-content\/uploads\/2021_Cites_DFA-1-768x373.png 768w, https:\/\/www.fc.up.pt\/dfa\/wp-content\/uploads\/2021_Cites_DFA-1-1536x747.png 1536w, https:\/\/www.fc.up.pt\/dfa\/wp-content\/uploads\/2021_Cites_DFA-1.png 1631w\" sizes=\"auto, (max-width: 1260px) 100vw, 1260px\" \/><\/figure>\n<\/figure>\n\n\n\n<p>Pode consultar a<strong> <a href=\"https:\/\/www.authenticus.pt\/en\/institutions\/publications\/602\" target=\"_blank\" rel=\"noreferrer noopener\">lista de publica\u00e7\u00f5es cient\u00edficas<\/a><\/strong> do DFA, ou ainda as <strong>listas de publica\u00e7\u00f5es<\/strong> disponibilizadas pelos Institutos: CFUMUP-CFP, <a href=\"http:\/\/www.iastro.pt\/research\/papers.html\" target=\"_blank\" rel=\"noreferrer noopener\">IA-CAUP<\/a>, <a href=\"https:\/\/sites.google.com\/a\/ifimup.up.pt\/ifimupsite\/publications\" target=\"_blank\" rel=\"noreferrer noopener\">IFIMUP<\/a>, <a href=\"https:\/\/www.inesctec.pt\/pt\/publicacoes?id=1&amp;reference=center#intro\" target=\"_blank\" rel=\"noreferrer noopener\">I<\/a><a data-type=\"URL\" data-id=\"https:\/\/www.inesctec.pt\/pt\/publicacoes?id=1&amp;reference=center#intro\" href=\"https:\/\/www.inesctec.pt\/pt\/publicacoes?id=1&amp;reference=center#intro\">NESC-TEC-CAP<\/a>.<\/p>\n\n\n\n<p>A equipa ligada ao DFA tamb\u00e9m inclui autores e\/ou editores de v\u00e1rios <strong><a href=\"https:\/\/www.fc.up.pt\/dfa\/investigacao\/producao-cientifica\/livros\/\" data-type=\"page\" data-id=\"1399\">livros cient\u00edficos, pedag\u00f3gicos e de divulga\u00e7\u00e3o cient\u00edfica<\/a><\/strong>, publicados por editoras internacionais e\/ou nacionais.<\/p>\n\n\n\n<h2 class=\"wp-block-heading\">Projetos &amp; Contratos<\/h2>\n\n\n\n<p>A atividade de investiga\u00e7\u00e3o \u00e9 sustentada pelos or\u00e7amentos dos institutos e atrav\u00e9s de v\u00e1rios projetos com financiamento nacional (FCT, ANI, Programas Regionais, etc) e internacional (EU, Foundations, Cooperation Programs, etc) e ainda atrav\u00e9s de contratos com a industria e com organiza\u00e7\u00f5es nacionais e internacionais (como a ESA).<\/p>\n\n\n\n<h2 class=\"wp-block-heading\">Outros resultados<\/h2>\n\n\n\n<p>O Departamento tamb\u00e9m contribui para o desenvolvimento do tecido industrial, nomeadamente atrav\u00e9s da <a data-type=\"page\" data-id=\"246\" href=\"https:\/\/www.fc.up.pt\/dfa\/services\/\">consultoria a empresas e da cria\u00e7\u00e3o de SpinOffs<\/a>.<\/p>\n","protected":false},"excerpt":{"rendered":"<p>O DFA \u00e9 respons\u00e1vel por uma vasta&nbsp;produ\u00e7\u00e3o cient\u00edfica e t\u00e9cnica nas suas \u00e1reas de interven\u00e7\u00e3o, que se caracteriza por um impacto internacional elevado medido pelos indicadores habituais de excel\u00eancia. Publica\u00e7\u00f5es Os gr\u00e1ficos ilustram a produ\u00e7\u00e3o cient\u00edfica em artigos, mostrando o n\u00famero de publica\u00e7\u00f5es e as cita\u00e7\u00f5es de artigos WoS, do DFA e investigadores U.Porto nos &hellip;<br \/><a href=\"https:\/\/www.fc.up.pt\/dfa\/investigacao\/producao-cientifica\/\" class=\"more-link pen_button pen_element_default pen_icon_arrow_double\">Continue reading <span class=\"screen-reader-text\">Resultados<\/span><\/a><\/p>\n","protected":false},"author":2,"featured_media":335,"parent":10,"menu_order":3,"comment_status":"closed","ping_status":"closed","template":"","meta":{"footnotes":""},"class_list":["post-532","page","type-page","status-publish","has-post-thumbnail","hentry"],"_links":{"self":[{"href":"https:\/\/www.fc.up.pt\/dfa\/wp-json\/wp\/v2\/pages\/532","targetHints":{"allow":["GET"]}}],"collection":[{"href":"https:\/\/www.fc.up.pt\/dfa\/wp-json\/wp\/v2\/pages"}],"about":[{"href":"https:\/\/www.fc.up.pt\/dfa\/wp-json\/wp\/v2\/types\/page"}],"author":[{"embeddable":true,"href":"https:\/\/www.fc.up.pt\/dfa\/wp-json\/wp\/v2\/users\/2"}],"replies":[{"embeddable":true,"href":"https:\/\/www.fc.up.pt\/dfa\/wp-json\/wp\/v2\/comments?post=532"}],"version-history":[{"count":63,"href":"https:\/\/www.fc.up.pt\/dfa\/wp-json\/wp\/v2\/pages\/532\/revisions"}],"predecessor-version":[{"id":4112,"href":"https:\/\/www.fc.up.pt\/dfa\/wp-json\/wp\/v2\/pages\/532\/revisions\/4112"}],"up":[{"embeddable":true,"href":"https:\/\/www.fc.up.pt\/dfa\/wp-json\/wp\/v2\/pages\/10"}],"wp:featuredmedia":[{"embeddable":true,"href":"https:\/\/www.fc.up.pt\/dfa\/wp-json\/wp\/v2\/media\/335"}],"wp:attachment":[{"href":"https:\/\/www.fc.up.pt\/dfa\/wp-json\/wp\/v2\/media?parent=532"}],"curies":[{"name":"wp","href":"https:\/\/api.w.org\/{rel}","templated":true}]}}