{"id":402,"date":"2021-09-11T17:08:25","date_gmt":"2021-09-11T16:08:25","guid":{"rendered":"https:\/\/www.fc.up.pt\/dfa\/?page_id=402"},"modified":"2022-09-01T10:35:54","modified_gmt":"2022-09-01T09:35:54","slug":"laboratorios-de-ensino","status":"publish","type":"page","link":"https:\/\/www.fc.up.pt\/dfa\/formacao\/laboratorios-de-ensino\/","title":{"rendered":"Laborat\u00f3rios de Ensino"},"content":{"rendered":"\n<div class=\"wp-block-media-text alignwide is-stacked-on-mobile\" style=\"grid-template-columns:30% auto\"><figure class=\"wp-block-media-text__media\"><img loading=\"lazy\" decoding=\"async\" width=\"258\" height=\"194\" src=\"https:\/\/www.fc.up.pt\/dfa\/wp-content\/uploads\/757f11f7-1b21-42c8-99ed-8802489acdd7.jpeg\" alt=\"\" class=\"wp-image-1201 size-full\" srcset=\"https:\/\/www.fc.up.pt\/dfa\/wp-content\/uploads\/757f11f7-1b21-42c8-99ed-8802489acdd7.jpeg 258w, https:\/\/www.fc.up.pt\/dfa\/wp-content\/uploads\/757f11f7-1b21-42c8-99ed-8802489acdd7-152x114.jpeg 152w\" sizes=\"auto, (max-width: 258px) 100vw, 258px\" \/><\/figure><div class=\"wp-block-media-text__content\">\n<p>O Departamento disp\u00f5e de v\u00e1rios laborat\u00f3rios de ensino vocacionados para as unidades curriculares experimentais dos seus <a href=\"https:\/\/www.fc.up.pt\/dfa\/formacao\/cursos\/\">cursos<\/a>. O ensino experimental do DFA procura dotar os seus estudantes de conhecimentos e pr\u00e1ticas laboratoriais especializadas, sendo uma marca caracter\u00edstica de reconhecida&nbsp; excel\u00eancia e elevada reputa\u00e7\u00e3o entre os empregadores. Tem por objetivo preparar os seus estudantes para os desafios da sua vida futura, quer acad\u00e9mica, quer profissional.&nbsp;<\/p>\n<\/div><\/div>\n\n\n\n<h3 class=\"wp-block-heading\">Abordagem no ensino experimental:<\/h3>\n\n\n\n<p>Ao longo do seu percurso acad\u00e9mico, os estudantes v\u00e3o fortalecendo a sua compreens\u00e3o e capacidade de aplica\u00e7\u00e3o de t\u00e9cnicas&nbsp; e manuseamento de equipamentos de medida, progressivamente mais complexas, bem como trabalhando estrat\u00e9gias para a aquisi\u00e7\u00e3o, processamento e an\u00e1lise de sinais a partir das experi\u00eancias que s\u00e3o propostas nas v\u00e1rias unidades curriculares laboratoriais.&nbsp;<\/p>\n\n\n\n<p>S\u00e3o tamb\u00e9m trabalhadas as compet\u00eancias de reporte cient\u00edfico, quer atrav\u00e9s da manuten\u00e7\u00e3o de registos laboratoriais, quer pela produ\u00e7\u00e3o de relat\u00f3rios cient\u00edficos e pela discuss\u00e3o cr\u00edtica entre pares de procedimentos e resultados.&nbsp;<\/p>\n\n\n\n<p>Mais do que meros executantes, os estudantes disp\u00f5e de acompanhamento pr\u00f3ximo no seu percurso laboratorial, procurando-se o desenvolvimento do seu esp\u00edrito cr\u00edtico e o recuperar do sentido de intui\u00e7\u00e3o f\u00edsica no planeamento,&nbsp; realiza\u00e7\u00e3o, e an\u00e1lise do trabalho experimental.&nbsp;<\/p>\n\n\n\n<h3 class=\"wp-block-heading\">Laborat\u00f3rios existentes:&nbsp;<\/h3>\n\n\n\n<p>A rede existente de laborat\u00f3rios experimentais de ensino, no espa\u00e7o do DFA, inclui as seguintes salas com equipamento laboratorial:<\/p>\n\n\n\n<ul class=\"wp-block-list\"><li>FC3.-114 &#8211; Laborat\u00f3rio de Ensino&nbsp; &#8211; Eletr\u00f3nica e Instrumenta\u00e7\u00e3o<\/li><\/ul>\n\n\n\n<ul class=\"wp-block-list\"><li>FC3.-122 &#8211; Laborat\u00f3rio de Ensino &#8211; Instrumentos de Medida<\/li><\/ul>\n\n\n\n<ul class=\"wp-block-list\"><li>FC3.016 &#8211; Laborat\u00f3rio de Ensino &#8211; Estudo Processos F\u00edsicos I<\/li><\/ul>\n\n\n\n<ul class=\"wp-block-list\"><li>FC3.017 &#8211; Laborat\u00f3rio de Ensino &#8211; Estudo Processos F\u00edsicos II<\/li><\/ul>\n\n\n\n<ul class=\"wp-block-list\"><li>FC3.021 &#8211; Laborat\u00f3rio Avan\u00e7ado de \u00d3tica II<\/li><\/ul>\n\n\n\n<ul class=\"wp-block-list\"><li>FC3.022 &#8211; Laborat\u00f3rio Avan\u00e7ado de \u00d3tica I<\/li><\/ul>\n\n\n\n<ul class=\"wp-block-list\"><li>FC3.118&nbsp; &#8211; Laborat\u00f3rio Avan\u00e7ado de Materiais<\/li><\/ul>\n\n\n\n<ul class=\"wp-block-list\"><li>FC3.119 &#8211; Laborat\u00f3rio de Ensino &#8211; Medida, Cinem\u00e1tica<\/li><\/ul>\n\n\n\n<ul class=\"wp-block-list\"><li>FC3.121 &#8211; Laborat\u00f3rio para o Ensino e Divulga\u00e7\u00e3o da F\u00edsica<\/li><\/ul>\n\n\n\n<h3 class=\"wp-block-heading\">Unidades curriculares laboratoriais:<\/h3>\n\n\n\n<p><span style=\"text-decoration: underline;\">1\u00ba ciclo<\/span>:<br>\u2022 FIS1005 &#8211; Laborat\u00f3rio de F\u00edsica I (L:EF, L:F, L:B, L:CC, L:G, L:M, L:Q)<\/p>\n\n\n\n<p>\u2022 FIS1010 &#8211; Introdu\u00e7\u00e3o \u00e0 Instrumenta\u00e7\u00e3o (L:EG)<\/p>\n\n\n\n<p>\u2022 FIS2004 &#8211; Laborat\u00f3rio de F\u00edsica II (L:EF, L:F, L:B, L:CC, L:G, L:M, L:Q) <\/p>\n\n\n\n<p>\u2022 F3002 &#8211; Laborat\u00f3rio de Aquisi\u00e7\u00e3o e Controlo (L:F)<\/p>\n\n\n\n<p>\u2022 FIS3011 &#8211; Laborat\u00f3rio de F\u00edsica III (L:EF, L:F)<\/p>\n\n\n\n<p>\u2022 EFIS3001 &#8211; Projeto Integrador (L:EF)<\/p>\n\n\n\n<p><span style=\"text-decoration: underline;\">2\u00ba ciclo<\/span>: <br>\u2022 F4007 &#8211; Laborat\u00f3rio de Instrumenta\u00e7\u00e3o em F\u00edsica M\u00e9dica (M:FM)<\/p>\n\n\n\n<p>\u2022 FIS4038\/F4017 &#8211; T\u00e9cnicas Laboratoriais Avan\u00e7adas I (M:EF, M:F)<\/p>\n\n\n\n<p>\u2022 FIS4039\/F4014 &#8211; T\u00e9cnicas Laboratoriais Avan\u00e7adas II (M:EF, M:F)<\/p>\n\n\n\n<p>\u2022 DID4005 &#8211; Did\u00e1tica da F\u00edsica I (M:EFQ)<\/p>\n\n\n\n<p>\u2022 EC\/DC4001 &#8211; Elementos de Divulga\u00e7\u00e3o das Ci\u00eancias (M:EDC)<\/p>\n\n\n\n<p>Na forma\u00e7\u00e3o avan\u00e7ada (Disserta\u00e7\u00e3o, Est\u00e1gio, Projeto, Tese) os trabalhos experimentais e de investiga\u00e7\u00e3o dos estudantes de 2\u00ba e 3\u00ba ciclos decorrem, quer nos laborat\u00f3rios avan\u00e7ados do DFA, quer nas instala\u00e7\u00f5es laboratoriais dos grupos de investiga\u00e7\u00e3o instalados no DFA que acolhem projectos de disserta\u00e7\u00e3o e tese.<\/p>\n\n\n\n<p>O DFA acolhe tamb\u00e9m as instala\u00e7\u00f5es da <a href=\"https:\/\/cemup.up.pt\/webcemup\/MNTEC\/MNTEC_labs\/MNTEC_SL.htm\" target=\"_blank\" rel=\"noreferrer noopener\">Unidade de Micro e Nanofabrica\u00e7\u00e3o MNTEC\/CEMUP<\/a>, possibilitando, quando necess\u00e1rio, o acesso a esta infraestrutura de apoio \u00e0 investiga\u00e7\u00e3o.<\/p>\n\n\n\n<h3 class=\"wp-block-heading\">Equipa dos Laborat\u00f3rios:<\/h3>\n\n\n\n<p>Coordena\u00e7\u00e3o: <a href=\"https:\/\/sigarra.up.pt\/fcup\/pt\/func_geral.FormView?P_CODIGO=247458\" target=\"_blank\" rel=\"noreferrer noopener\">Carla Carmelo Rosa<\/a> e <a href=\"https:\/\/sigarra.up.pt\/fcup\/pt\/func_geral.FormView?P_CODIGO=249128\" target=\"_blank\" rel=\"noreferrer noopener\">Paulo V. S. Marques<\/a><\/p>\n\n\n\n<p>O funcionamento regular dos laborat\u00f3rios conta com o imprescind\u00edvel apoio e servi\u00e7os t\u00e9cnicos prestados pela <a href=\"https:\/\/www.fc.up.pt\/dfa\/services\/oficinas\/\">Oficina de Electr\u00f3nica e pela Oficina de Mec\u00e2nica<\/a>, ambas sediadas no DFA.<\/p>\n\n\n\n<p>Apoio administrativo:&nbsp;<a href=\"https:\/\/sigarra.up.pt\/fcup\/pt\/func_geral.FormView?P_CODIGO=548854\">Ana Sofia Marques Queir\u00f3s<\/a><\/p>\n","protected":false},"excerpt":{"rendered":"<p>O Departamento disp\u00f5e de v\u00e1rios laborat\u00f3rios de ensino vocacionados para as unidades curriculares experimentais dos seus cursos. O ensino experimental do DFA procura dotar os seus estudantes de conhecimentos e pr\u00e1ticas laboratoriais especializadas, sendo uma marca caracter\u00edstica de reconhecida&nbsp; excel\u00eancia e elevada reputa\u00e7\u00e3o entre os empregadores. Tem por objetivo preparar os seus estudantes para os &hellip;<br \/><a href=\"https:\/\/www.fc.up.pt\/dfa\/formacao\/laboratorios-de-ensino\/\" class=\"more-link pen_button pen_element_default pen_icon_arrow_double\">Continue reading <span class=\"screen-reader-text\">Laborat\u00f3rios de Ensino<\/span><\/a><\/p>\n","protected":false},"author":2,"featured_media":513,"parent":50,"menu_order":3,"comment_status":"closed","ping_status":"closed","template":"","meta":{"footnotes":""},"class_list":["post-402","page","type-page","status-publish","has-post-thumbnail","hentry"],"_links":{"self":[{"href":"https:\/\/www.fc.up.pt\/dfa\/wp-json\/wp\/v2\/pages\/402","targetHints":{"allow":["GET"]}}],"collection":[{"href":"https:\/\/www.fc.up.pt\/dfa\/wp-json\/wp\/v2\/pages"}],"about":[{"href":"https:\/\/www.fc.up.pt\/dfa\/wp-json\/wp\/v2\/types\/page"}],"author":[{"embeddable":true,"href":"https:\/\/www.fc.up.pt\/dfa\/wp-json\/wp\/v2\/users\/2"}],"replies":[{"embeddable":true,"href":"https:\/\/www.fc.up.pt\/dfa\/wp-json\/wp\/v2\/comments?post=402"}],"version-history":[{"count":14,"href":"https:\/\/www.fc.up.pt\/dfa\/wp-json\/wp\/v2\/pages\/402\/revisions"}],"predecessor-version":[{"id":4068,"href":"https:\/\/www.fc.up.pt\/dfa\/wp-json\/wp\/v2\/pages\/402\/revisions\/4068"}],"up":[{"embeddable":true,"href":"https:\/\/www.fc.up.pt\/dfa\/wp-json\/wp\/v2\/pages\/50"}],"wp:featuredmedia":[{"embeddable":true,"href":"https:\/\/www.fc.up.pt\/dfa\/wp-json\/wp\/v2\/media\/513"}],"wp:attachment":[{"href":"https:\/\/www.fc.up.pt\/dfa\/wp-json\/wp\/v2\/media?parent=402"}],"curies":[{"name":"wp","href":"https:\/\/api.w.org\/{rel}","templated":true}]}}