{"id":357,"date":"2021-09-10T19:41:43","date_gmt":"2021-09-10T18:41:43","guid":{"rendered":"https:\/\/www.fc.up.pt\/dfa\/?page_id=357"},"modified":"2024-09-12T13:46:10","modified_gmt":"2024-09-12T12:46:10","slug":"cursos","status":"publish","type":"page","link":"https:\/\/www.fc.up.pt\/dfa\/formacao\/cursos\/","title":{"rendered":"Cursos"},"content":{"rendered":"\n<h2 class=\"wp-block-heading\">Conferentes de grau<\/h2>\n\n\n\n<p>Os cursos conferentes de grau, no \u00e2mbito das suas <a href=\"https:\/\/www.fc.up.pt\/dfa\/formacao\/areas-disciplinares\/\" data-type=\"page\" data-id=\"380\">\u00e1reas disciplinares de forma\u00e7\u00e3o,<\/a> em que o DFA interv\u00e9m atualmente, sendo respons\u00e1vel ou co-respons\u00e1vel, s\u00e3o os seguintes:<\/p>\n\n\n\n<div class=\"wp-block-group has-background\" style=\"background-color:#cceeff\"><div class=\"wp-block-group__inner-container is-layout-flow wp-block-group-is-layout-flow\">\n<h3 class=\"wp-block-heading\"><strong>1\u00ba Ciclo \u2013&nbsp;Licenciatura<\/strong>:<\/h3>\n\n\n\n<ul class=\"wp-block-list\">\n<li><a href=\"https:\/\/sigarra.up.pt\/fcup\/pt\/cur_geral.cur_view?pv_origem=CUR&amp;pv_tipo_cur_sigla=L&amp;pv_curso_id=23141\">Engenharia F\u00edsica<\/a> (com a FEUP)<\/li>\n\n\n\n<li><a href=\"https:\/\/sigarra.up.pt\/fcup\/pt\/cur_geral.cur_view?pv_curso_id=888\">F\u00edsica<\/a> &#8211; com <span style=\"text-decoration: underline;\">Perfil em F\u00edsica<\/span>, <span style=\"text-decoration: underline;\">Perfil em Astrof\u00edsica<\/span>, ou Forma\u00e7\u00f5es Complementares em outras \u00c1reas<\/li>\n<\/ul>\n<\/div><\/div>\n\n\n\n<div class=\"wp-block-group has-background\" style=\"background-color:#cceeff\"><div class=\"wp-block-group__inner-container is-layout-flow wp-block-group-is-layout-flow\">\n<h3 class=\"wp-block-heading\"><strong>2\u00ba Ciclo \u2013&nbsp;Mestrado<\/strong>:<\/h3>\n\n\n\n<ul class=\"wp-block-list\">\n<li><a href=\"https:\/\/sigarra.up.pt\/fcup\/pt\/cur_geral.cur_view?pv_curso_id=871\">Astronomia e Astrof\u00edsica<\/a><\/li>\n\n\n\n<li><a href=\"https:\/\/sigarra.up.pt\/fcup\/pt\/cur_geral.cur_view?pv_origem=CUR&amp;pv_tipo_cur_sigla=M&amp;pv_curso_id=22701\">Ci\u00eancia e Tecnologia de Nanomateriais<\/a>&nbsp;(com o <a href=\"https:\/\/dqb.fc.up.pt\" target=\"_blank\" rel=\"noreferrer noopener\">DQB<\/a>)<\/li>\n\n\n\n<li><a href=\"https:\/\/sigarra.up.pt\/fcup\/pt\/cur_geral.cur_view?pv_origem=CUR&amp;pv_tipo_cur_sigla=M&amp;pv_curso_id=23161\">Engenharia F\u00edsica<\/a>&nbsp;(com a FEUP)<\/li>\n\n\n\n<li><a href=\"https:\/\/sigarra.up.pt\/fcup\/pt\/cur_geral.cur_view?pv_curso_id=1022\">Ensino da F\u00edsica e da Qu\u00edmica no 3\u00ba Ciclo do Ensino B\u00e1sico e Secund\u00e1rio<\/a>&nbsp;(com a UEC e o <a href=\"https:\/\/dqb.fc.up.pt\" target=\"_blank\" rel=\"noreferrer noopener\">DQB<\/a>)<\/li>\n\n\n\n<li><a href=\"https:\/\/sigarra.up.pt\/fcup\/pt\/cur_geral.cur_view?pv_curso_id=893\">F\u00edsica<\/a><\/li>\n\n\n\n<li><a href=\"https:\/\/sigarra.up.pt\/fcup\/pt\/cur_geral.cur_view?pv_curso_id=894\">F\u00edsica M\u00e9dica<\/a><\/li>\n<\/ul>\n<\/div><\/div>\n\n\n\n<div class=\"wp-block-group has-background\" style=\"background-color:#cceeff\"><div class=\"wp-block-group__inner-container is-layout-flow wp-block-group-is-layout-flow\">\n<h3 class=\"wp-block-heading\"><strong>3\u00ba Ciclo \u2013&nbsp;Doutoramento<\/strong>:<\/h3>\n\n\n\n<ul class=\"wp-block-list\">\n<li><a href=\"https:\/\/sigarra.up.pt\/fcup\/pt\/cur_geral.cur_view?pv_curso_id=881\">Astronomia<\/a><\/li>\n\n\n\n<li><a href=\"https:\/\/fe.up.pt\/prodef\/\">Engenharia F\u00edsica\u00a0<\/a>(com a FEUP)<\/li>\n\n\n\n<li><a href=\"https:\/\/sigarra.up.pt\/fcup\/pt\/cur_geral.cur_view?pv_curso_id=862\">F\u00edsica<\/a>&nbsp;(MAPfis \u2013 com a U.Minho e a U.Aveiro)<\/li>\n<\/ul>\n<\/div><\/div>\n\n\n<div class=\"wp-block-image\">\n<figure class=\"aligncenter size-large is-resized\"><img loading=\"lazy\" decoding=\"async\" width=\"1260\" height=\"891\" src=\"https:\/\/www.fc.up.pt\/dfa\/wp-content\/uploads\/DFA_Estudantes2-1260x891.png\" alt=\"\" class=\"wp-image-3957\" style=\"width:630px;height:446px\" srcset=\"https:\/\/www.fc.up.pt\/dfa\/wp-content\/uploads\/DFA_Estudantes2-1260x891.png 1260w, https:\/\/www.fc.up.pt\/dfa\/wp-content\/uploads\/DFA_Estudantes2-300x212.png 300w, https:\/\/www.fc.up.pt\/dfa\/wp-content\/uploads\/DFA_Estudantes2-152x107.png 152w, https:\/\/www.fc.up.pt\/dfa\/wp-content\/uploads\/DFA_Estudantes2-768x543.png 768w, https:\/\/www.fc.up.pt\/dfa\/wp-content\/uploads\/DFA_Estudantes2-1536x1086.png 1536w, https:\/\/www.fc.up.pt\/dfa\/wp-content\/uploads\/DFA_Estudantes2-2048x1448.png 2048w\" sizes=\"auto, (max-width: 1260px) 100vw, 1260px\" \/><figcaption class=\"wp-element-caption\"><em><strong>N\u00famero de estudantes inscritos em cada ano letivo nos cursos conferentes de grau da responsabilidade ou co-responsabilidade do DFA<\/strong>.<\/em><\/figcaption><\/figure>\n<\/div>\n\n\n<h2 class=\"wp-block-heading\">Educa\u00e7\u00e3o cont\u00ednua:<\/h2>\n\n\n\n<p>O departamento oferece ou interv\u00e9m numa oferta diversificada de forma\u00e7\u00e3o ao longo da vida e\/ou de especializa\u00e7\u00e3o. Algumas das iniciativas em que interv\u00e9m s\u00e3o:<\/p>\n\n\n\n<ul class=\"wp-block-list\">\n<li><a href=\"https:\/\/sigarra.up.pt\/fcup\/pt\/cur_geral.cur_view?pv_curso_id=24401&amp;pv_origem=CUR&amp;pv_ano_lectivo=2021\" target=\"_blank\" rel=\"noreferrer noopener\">Metodologias de ensino orientadas para a investiga\u00e7\u00e3o: Astronomia de bolso<\/a><\/li>\n<\/ul>\n\n\n\n<ul class=\"wp-block-list\">\n<li><a href=\"https:\/\/sigarra.up.pt\/fcup\/pt\/cur_geral.cur_view?pv_ano_lectivo=2021&amp;pv_curso_id=23981&amp;pv_origem=CUR&amp;pv_tipo_cur_sigla=\">Curso de Estudos Avan\u00e7ados em Projeto Cient\u00edfico e Tecnol\u00f3gico<\/a><\/li>\n<\/ul>\n\n\n\n<h2 class=\"wp-block-heading\">Contributo para outros Cursos:<\/h2>\n\n\n\n<p>O Departamento tamb\u00e9m presta servi\u00e7o docente em <strong>unidades curriculares das suas \u00e1reas de interven\u00e7\u00e3o<\/strong> de outros cursos conferentes de grau da FCUP, nomeadamente:<\/p>\n\n\n\n<ul style=\"background-color:#ccddff\" class=\"wp-block-list has-background\">\n<li>1\u00ba Ciclo: <a href=\"https:\/\/sigarra.up.pt\/fcup\/pt\/cur_geral.cur_view?pv_ano_lectivo=2021&amp;pv_origem=CUR&amp;pv_tipo_cur_sigla=L&amp;pv_curso_id=884\">Biologia<\/a><\/li>\n\n\n\n<li>1\u00ba Ciclo: <a href=\"https:\/\/sigarra.up.pt\/fcup\/pt\/cur_geral.cur_view?pv_ano_lectivo=2021&amp;pv_origem=CUR&amp;pv_tipo_cur_sigla=L&amp;pv_curso_id=885\">Ci\u00eancia de Computadores<\/a><\/li>\n\n\n\n<li>1\u00ba Ciclo: <a href=\"https:\/\/sigarra.up.pt\/fcup\/pt\/cur_geral.cur_view?pv_ano_lectivo=2021&amp;pv_origem=CUR&amp;pv_tipo_cur_sigla=L&amp;pv_curso_id=24261\">Engenharia e Biotecnologia Florestal<\/a><\/li>\n\n\n\n<li>1\u00ba Ciclo: <a href=\"https:\/\/sigarra.up.pt\/fcup\/pt\/cur_geral.cur_view?pv_ano_lectivo=2021&amp;pv_origem=CUR&amp;pv_tipo_cur_sigla=L&amp;pv_curso_id=19941\">Engenharia Geoespacial<\/a><\/li>\n\n\n\n<li>1\u00ba Ciclo: <a href=\"https:\/\/sigarra.up.pt\/fcup\/pt\/cur_geral.cur_view?pv_ano_lectivo=2021&amp;pv_origem=CUR&amp;pv_tipo_cur_sigla=L&amp;pv_curso_id=22841\">Engenharia Inform\u00e1tica e Computa\u00e7\u00e3o<\/a><\/li>\n\n\n\n<li>1\u00ba Ciclo: <a href=\"https:\/\/sigarra.up.pt\/fcup\/pt\/cur_geral.cur_view?pv_ano_lectivo=2021&amp;pv_origem=CUR&amp;pv_tipo_cur_sigla=L&amp;pv_curso_id=889\">Geologia<\/a><\/li>\n\n\n\n<li>1\u00ba Ciclo: <a href=\"https:\/\/sigarra.up.pt\/fcup\/pt\/cur_geral.cur_view?pv_ano_lectivo=2021&amp;pv_origem=CUR&amp;pv_tipo_cur_sigla=L&amp;pv_curso_id=23521\">Intelig\u00eancia Artificial e Ci\u00eancia de Dados<\/a><\/li>\n\n\n\n<li>1\u00ba Ciclo: <a href=\"https:\/\/sigarra.up.pt\/fcup\/pt\/cur_geral.cur_view?pv_ano_lectivo=2021&amp;pv_origem=CUR&amp;pv_tipo_cur_sigla=L&amp;pv_curso_id=864\">Matem\u00e1tica<\/a><\/li>\n\n\n\n<li>1\u00ba Ciclo: <a href=\"https:\/\/sigarra.up.pt\/fcup\/pt\/cur_geral.cur_view?pv_ano_lectivo=2021&amp;pv_origem=CUR&amp;pv_tipo_cur_sigla=L&amp;pv_curso_id=865\">Qu\u00edmica<\/a><\/li>\n<\/ul>\n\n\n\n<ul style=\"background-color:#ccddff\" class=\"wp-block-list has-background\">\n<li>2\u00ba Ciclo: <a href=\"https:\/\/sigarra.up.pt\/fcup\/pt\/cur_geral.cur_view?pv_ano_lectivo=2021&amp;pv_origem=CUR&amp;pv_tipo_cur_sigla=M&amp;pv_curso_id=19681\">Ensino e Divulga\u00e7\u00e3o das Ci\u00eancias<\/a><\/li>\n\n\n\n<li>2\u00ba Ciclo: <a href=\"https:\/\/sigarra.up.pt\/fcup\/pt\/cur_geral.cur_view?pv_ano_lectivo=2021&amp;pv_origem=CUR&amp;pv_tipo_cur_sigla=M&amp;pv_curso_id=878\">Matem\u00e1tica<\/a><\/li>\n<\/ul>\n\n\n\n<ul style=\"background-color:#ccddff\" class=\"wp-block-list has-background\">\n<li>3\u00ba Ciclo: <a href=\"https:\/\/sigarra.up.pt\/fcup\/pt\/cur_geral.cur_view?pv_ano_lectivo=2021&amp;pv_origem=CUR&amp;pv_tipo_cur_sigla=D&amp;pv_curso_id=1028\">Ensino e Divulga\u00e7\u00e3o das Ci\u00eancias<\/a><\/li>\n<\/ul>\n","protected":false},"excerpt":{"rendered":"<p>Conferentes de grau Os cursos conferentes de grau, no \u00e2mbito das suas \u00e1reas disciplinares de forma\u00e7\u00e3o, em que o DFA interv\u00e9m atualmente, sendo respons\u00e1vel ou co-respons\u00e1vel, s\u00e3o os seguintes: 1\u00ba Ciclo \u2013&nbsp;Licenciatura: 2\u00ba Ciclo \u2013&nbsp;Mestrado: 3\u00ba Ciclo \u2013&nbsp;Doutoramento: Educa\u00e7\u00e3o cont\u00ednua: O departamento oferece ou interv\u00e9m numa oferta diversificada de forma\u00e7\u00e3o ao longo da vida e\/ou &hellip;<br \/><a href=\"https:\/\/www.fc.up.pt\/dfa\/formacao\/cursos\/\" class=\"more-link pen_button pen_element_default pen_icon_arrow_double\">Continue reading <span class=\"screen-reader-text\">Cursos<\/span><\/a><\/p>\n","protected":false},"author":2,"featured_media":782,"parent":50,"menu_order":2,"comment_status":"closed","ping_status":"closed","template":"","meta":{"footnotes":""},"class_list":["post-357","page","type-page","status-publish","has-post-thumbnail","hentry"],"_links":{"self":[{"href":"https:\/\/www.fc.up.pt\/dfa\/wp-json\/wp\/v2\/pages\/357","targetHints":{"allow":["GET"]}}],"collection":[{"href":"https:\/\/www.fc.up.pt\/dfa\/wp-json\/wp\/v2\/pages"}],"about":[{"href":"https:\/\/www.fc.up.pt\/dfa\/wp-json\/wp\/v2\/types\/page"}],"author":[{"embeddable":true,"href":"https:\/\/www.fc.up.pt\/dfa\/wp-json\/wp\/v2\/users\/2"}],"replies":[{"embeddable":true,"href":"https:\/\/www.fc.up.pt\/dfa\/wp-json\/wp\/v2\/comments?post=357"}],"version-history":[{"count":59,"href":"https:\/\/www.fc.up.pt\/dfa\/wp-json\/wp\/v2\/pages\/357\/revisions"}],"predecessor-version":[{"id":5472,"href":"https:\/\/www.fc.up.pt\/dfa\/wp-json\/wp\/v2\/pages\/357\/revisions\/5472"}],"up":[{"embeddable":true,"href":"https:\/\/www.fc.up.pt\/dfa\/wp-json\/wp\/v2\/pages\/50"}],"wp:featuredmedia":[{"embeddable":true,"href":"https:\/\/www.fc.up.pt\/dfa\/wp-json\/wp\/v2\/media\/782"}],"wp:attachment":[{"href":"https:\/\/www.fc.up.pt\/dfa\/wp-json\/wp\/v2\/media?parent=357"}],"curies":[{"name":"wp","href":"https:\/\/api.w.org\/{rel}","templated":true}]}}