{"id":301,"date":"2021-09-09T19:41:55","date_gmt":"2021-09-09T18:41:55","guid":{"rendered":"https:\/\/www.fc.up.pt\/dfa\/?page_id=301"},"modified":"2024-03-12T10:51:32","modified_gmt":"2024-03-12T10:51:32","slug":"docentes-anteriores","status":"publish","type":"page","link":"https:\/\/www.fc.up.pt\/dfa\/departamento\/equipa\/docentes\/docentes-anteriores\/","title":{"rendered":"Antigos Docentes"},"content":{"rendered":"\n<p>Alguns dos docentes que integraram o Departamento (e os seus antecessores na \u00e1rea de F\u00edsica e de Astronomia) at\u00e9 \u00e0 sua aposenta\u00e7\u00e3o\/jubila\u00e7\u00e3o, agrupados por d\u00e9cada em que se aposentaram\/jubilaram, foram:<\/p>\n\n\n\n<h4 class=\"wp-block-heading\">Desde 2020:<\/h4>\n\n\n\n<ul class=\"wp-block-list\">\n<li>Jo\u00e3o Manuel Borregana Lopes dos Santos (Professor Catedr\u00e1tico)<\/li>\n\n\n\n<li>Jos\u00e9 Manuel Monteiro Moreira (Professor Associado)<\/li>\n\n\n\n<li>Maria Manuela de Romero e Silva Alves Lopes dos Santos (Professora Auxiliar)<\/li>\n<\/ul>\n\n\n\n<h4 class=\"wp-block-heading\">De 2010 a 2019:<\/h4>\n\n\n\n<ul class=\"wp-block-list\">\n<li>Ab\u00edlio de Jesus Monteiro Almeida (Professor Associado)<\/li>\n\n\n\n<li>Ant\u00f3nio Manuel Pais Pereira Leite (Professor Associado)<\/li>\n\n\n\n<li>Eduardo Jorge de Seabra Lage (Professor Catedr\u00e1tico)<\/li>\n\n\n\n<li>Jo\u00e3o Ant\u00f3nio de Bessa Meneses e Sousa (Professor Catedr\u00e1tico, <a rel=\"noreferrer noopener\" href=\"https:\/\/sigarra.up.pt\/up\/pt\/web_base.gera_pagina?P_pagina=1034777\" target=\"_blank\">site U.Porto<\/a>)<\/li>\n\n\n\n<li>Jo\u00e3o Fernando Dias Montenegro (Professor Associado)<\/li>\n\n\n\n<li>Jos\u00e9 Manuel da Costa Brochado de Oliveira (Professor Associado)<\/li>\n\n\n\n<li>Jos\u00e9 Manuel Machado da Silva (Professor Catedr\u00e1tico, 16\u00ba Diretor da FCUP)<\/li>\n\n\n\n<li>Lu\u00eds Miguel Bernardo (Professor Catedr\u00e1tico)<\/li>\n\n\n\n<li>Maria Augusta Oliveira Pereira dos Santos(Professora Associada)<\/li>\n\n\n\n<li>Maria do C\u00e9u Carmo Marques(Professora Associada)<\/li>\n\n\n\n<li>Maria Teresa Vaz Torr\u00e3o Lago (Professora Catedr\u00e1tica, <a rel=\"noreferrer noopener\" href=\"https:\/\/sigarra.up.pt\/up\/pt\/web_base.gera_pagina?p_pagina=antigos%20estudantes%20ilustres%20u.porto%20-%20teresa%20lago\" target=\"_blank\">site U.Porto<\/a>)<\/li>\n\n\n\n<li>Paulo Gali de Carvalho Macedo (Professor Associado)<\/li>\n\n\n\n<li>Yuriy Genekovich Pogorelov (Professor Associado)<\/li>\n<\/ul>\n\n\n\n<h4 class=\"wp-block-heading\">At\u00e9 2009 <strong>(Grupo de F\u00edsica | Astronomia no Grupo de Matem\u00e1tica Aplicada)<\/strong>:<\/h4>\n\n\n\n<ul class=\"wp-block-list\">\n<li>Alexandre Alberto de Sousa Pinto (1880-1982, Professor Catedr\u00e1tico, <a rel=\"noreferrer noopener\" href=\"https:\/\/sigarra.up.pt\/up\/pt\/WEB_BASE.GERA_PAGINA?p_pagina=reitores%20da%20u.porto%20-%20alexandre%20alberto%20de%20sousa%20pinto\" target=\"_blank\">site U.Porto<\/a>, 5\u00ba Reitor da U.Porto)<\/li>\n\n\n\n<li>\u00c1lvaro Rodrigues Machado (1879-1946, Professor Catedr\u00e1tico, <a rel=\"noreferrer noopener\" href=\"https:\/\/sigarra.up.pt\/up\/pt\/WEB_BASE.GERA_PAGINA?p_pagina=galeria%20de%20retratos%20do%20sal\u00e3o%20nobre%20-%20\u00e1lvaro%20machado\" target=\"_blank\">site U.Porto<\/a>)<\/li>\n\n\n\n<li>Armando Baptista&nbsp;Gomes de S\u00e1 (Professor Catedr\u00e1tico)<\/li>\n\n\n\n<li>Augusto Eduardo Magalh\u00e3es Paranhos (Assistente, <a rel=\"noreferrer noopener\" href=\"https:\/\/sigarra.up.pt\/fcup\/pt\/NOTICIAS_GERAL.VER_NOTICIA?P_NR=675\" target=\"_blank\">site FCUP<\/a>)<\/li>\n\n\n\n<li>Carlos de Azevedo Coutinho Braga (1954-1968,  Professor Catedr\u00e1tico)<\/li>\n\n\n\n<li>Francisco de Paula de Azeredo (1859-1940, Professor Catedr\u00e1tico, <a rel=\"noreferrer noopener\" href=\"https:\/\/sigarra.up.pt\/up\/pt\/WEB_BASE.GERA_PAGINA?p_pagina=galeria%20de%20retratos%20do%20sal\u00e3o%20nobre%20-%20francisco%20de%20paula%20de%20azeredo\" target=\"_blank\">site U.Porto<\/a>)<\/li>\n\n\n\n<li>Jaime de Ara\u00fajo Moreira (Professor Catedr\u00e1tico)<\/li>\n\n\n\n<li>Jos\u00e9 Ant\u00f3nio de Matos Silva Duarte (Professor Catedr\u00e1tico)<\/li>\n\n\n\n<li>Jos\u00e9 Maria Ribeiro Moreira de Ara\u00fajo (1928-<a href=\"https:\/\/www.fc.up.pt\/dfa\/noticias\/not\/2020\/08\/31\/noticias-u-porto-morreu-jose-moreira-de-araujo-primeiro-professor-emerito-da-u-porto\/\" data-type=\"post\" data-id=\"2356\">2020<\/a>, Professor Catedr\u00e1tico, <a rel=\"noreferrer noopener\" href=\"https:\/\/sigarra.up.pt\/up\/pt\/web_base.gera_pagina?P_pagina=1006699\" target=\"_blank\">site U.Porto<\/a>)<\/li>\n\n\n\n<li>Jos\u00e9 Ferreira da Silva (1931-<a href=\"https:\/\/www.fc.up.pt\/dfa\/noticias\/not\/2021\/03\/12\/noticias-u-porto-morreu-jose-ferreira-da-silva-fisico-e-antigo-professor-da-fcup\/\" data-type=\"post\" data-id=\"2363\">2021<\/a>, Professor Catedr\u00e1tico)<\/li>\n\n\n\n<li>Manuel Ant\u00f3nio Ribeiro Pereira de Barros (Professor Catedr\u00e1tico)<\/li>\n\n\n\n<li>Manuel Gon\u00e7alves Pereira de Barros (1908-1971, Professor Catedr\u00e1tico, <a rel=\"noreferrer noopener\" href=\"https:\/\/sigarra.up.pt\/up\/pt\/web_base.gera_pagina?P_pagina=1005922\" target=\"_blank\">site U.Porto<\/a>, 1\u00ba Diretor do Observat\u00f3rio Astron\u00f3mico)<\/li>\n\n\n\n<li>Manuel Marques Teixeira de Oliveira (1889-1967, Professor Catedr\u00e1tico, <a rel=\"noreferrer noopener\" href=\"https:\/\/sigarra.up.pt\/up\/pt\/web_base.gera_pagina?P_pagina=1011517\" target=\"_blank\">site U.Porto<\/a>)<\/li>\n\n\n\n<li>Maria da Alegria Gomes da Rocha Lopes Feio (Professora Auxiliar)<\/li>\n\n\n\n<li>Maria de F\u00e1tima Fernandes Pinheiro (Professora Associada)<\/li>\n\n\n\n<li>Maria Manuela Soares Reis Costa Amado (Professora Auxiliar)<\/li>\n\n\n\n<li>Maria Otilde Barbosa Pereira da Costa (Professora Catedr\u00e1tica)<\/li>\n\n\n\n<li>Maria Renata Leite Ribeiro de Faria Arala Chaves (Professora Catedr\u00e1tica)<\/li>\n\n\n\n<li>Oliv\u00e9rio Delfim Dias Soares (Professor Catedr\u00e1tico)<\/li>\n\n\n\n<li>Rafaela Agostinho Marques da Silva Prata Pinto (Professora Auxiliar)<\/li>\n\n\n\n<li>&#8230;<\/li>\n<\/ul>\n\n\n\n<p><\/p>\n","protected":false},"excerpt":{"rendered":"<p>Alguns dos docentes que integraram o Departamento (e os seus antecessores na \u00e1rea de F\u00edsica e de Astronomia) at\u00e9 \u00e0 sua aposenta\u00e7\u00e3o\/jubila\u00e7\u00e3o, agrupados por d\u00e9cada em que se aposentaram\/jubilaram, foram: Desde 2020: De 2010 a 2019: At\u00e9 2009 (Grupo de F\u00edsica | Astronomia no Grupo de Matem\u00e1tica Aplicada):<\/p>\n","protected":false},"author":2,"featured_media":1555,"parent":835,"menu_order":1,"comment_status":"closed","ping_status":"closed","template":"","meta":{"footnotes":""},"class_list":["post-301","page","type-page","status-publish","has-post-thumbnail","hentry"],"_links":{"self":[{"href":"https:\/\/www.fc.up.pt\/dfa\/wp-json\/wp\/v2\/pages\/301","targetHints":{"allow":["GET"]}}],"collection":[{"href":"https:\/\/www.fc.up.pt\/dfa\/wp-json\/wp\/v2\/pages"}],"about":[{"href":"https:\/\/www.fc.up.pt\/dfa\/wp-json\/wp\/v2\/types\/page"}],"author":[{"embeddable":true,"href":"https:\/\/www.fc.up.pt\/dfa\/wp-json\/wp\/v2\/users\/2"}],"replies":[{"embeddable":true,"href":"https:\/\/www.fc.up.pt\/dfa\/wp-json\/wp\/v2\/comments?post=301"}],"version-history":[{"count":34,"href":"https:\/\/www.fc.up.pt\/dfa\/wp-json\/wp\/v2\/pages\/301\/revisions"}],"predecessor-version":[{"id":5289,"href":"https:\/\/www.fc.up.pt\/dfa\/wp-json\/wp\/v2\/pages\/301\/revisions\/5289"}],"up":[{"embeddable":true,"href":"https:\/\/www.fc.up.pt\/dfa\/wp-json\/wp\/v2\/pages\/835"}],"wp:featuredmedia":[{"embeddable":true,"href":"https:\/\/www.fc.up.pt\/dfa\/wp-json\/wp\/v2\/media\/1555"}],"wp:attachment":[{"href":"https:\/\/www.fc.up.pt\/dfa\/wp-json\/wp\/v2\/media?parent=301"}],"curies":[{"name":"wp","href":"https:\/\/api.w.org\/{rel}","templated":true}]}}