{"id":250,"date":"2021-09-09T15:02:25","date_gmt":"2021-09-09T14:02:25","guid":{"rendered":"https:\/\/www.fc.up.pt\/dfa\/?page_id=250"},"modified":"2021-10-17T14:11:48","modified_gmt":"2021-10-17T13:11:48","slug":"sala-eureka","status":"publish","type":"page","link":"https:\/\/www.fc.up.pt\/dfa\/comunicacao\/divulgacao-escolas\/sala-eureka\/","title":{"rendered":"Sala Eureka"},"content":{"rendered":"\n<p>O Departamento de F\u00edsica e Astronomia organizou a Sala Eureka, espa\u00e7o onde est\u00e3o dispon\u00edveis v\u00e1rias experi\u00eancias e demonstra\u00e7\u00f5es que usam o elemento de surpresa para motivar os visitantes da sala e estimular a sua curiosidade.<\/p>\n\n\n\n<div class=\"wp-block-image is-style-rounded\"><figure class=\"aligncenter size-large is-resized\"><img loading=\"lazy\" decoding=\"async\" src=\"https:\/\/www.fc.up.pt\/dfa\/wp-content\/uploads\/4R8A7146-1024x683.jpg\" alt=\"\" class=\"wp-image-731\" width=\"512\" height=\"342\" srcset=\"https:\/\/www.fc.up.pt\/dfa\/wp-content\/uploads\/4R8A7146-1024x683.jpg 1024w, https:\/\/www.fc.up.pt\/dfa\/wp-content\/uploads\/4R8A7146-300x200.jpg 300w, https:\/\/www.fc.up.pt\/dfa\/wp-content\/uploads\/4R8A7146-768x512.jpg 768w, https:\/\/www.fc.up.pt\/dfa\/wp-content\/uploads\/4R8A7146-1536x1024.jpg 1536w, https:\/\/www.fc.up.pt\/dfa\/wp-content\/uploads\/4R8A7146-2048x1366.jpg 2048w\" sizes=\"auto, (max-width: 512px) 100vw, 512px\" \/><\/figure><\/div>\n\n\n\n<p>Mediante marca\u00e7\u00e3o pr\u00e9via, recebem-se visitas de grupos de 15 a 30 alunos do 3\u00ba ciclo do Ensino B\u00e1sico e Ensino Secund\u00e1rio, acompanhados por um ou mais professores.<\/p>\n\n\n\n<p>As visitas s\u00e3o habitualmente \u00e0s 4\u00aas feiras, das 14:30 \u00e0s 17:30, embora, em caso de impossibilidade, possa ser acordado outro hor\u00e1rio. A dura\u00e7\u00e3o de cada visita \u00e9 de 1 h 30 min.<\/p>\n\n\n\n<h3 class=\"wp-block-heading\">Experi\u00eancias em exposi\u00e7\u00e3o<\/h3>\n\n\n\n<ul class=\"wp-block-list\"><li>Ludi\u00e3o mergulhador<\/li><li>Carro lan\u00e7ador\/apanhador<\/li><li>Banco girat\u00f3rio (efeito girosc\u00f3pico)<\/li><li>Conserva\u00e7\u00e3o do momento angular (momento de in\u00e9rcia)<\/li><li>Propaga\u00e7\u00e3o curva da luz<\/li><li>Ilus\u00f5es \u00f3pticas<\/li><li>O azul do c\u00e9u, e o vermelho do poente<\/li><li>Persist\u00eancia da imagem na retina<\/li><li>Holografia<\/li><li>Espelhos e imagens<\/li><li>Comunica\u00e7\u00e3o optoelectr\u00f3nica<\/li><li>Vibra\u00e7\u00f5es numa corda<\/li><li>Interfer\u00f3metro ac\u00fastico<\/li><li>Levita\u00e7\u00e3o magn\u00e9tica<\/li><li>Materiais termosens\u00edveis<\/li><li>Conversor termoel\u00e9ctrico<\/li><li>Adi\u00e7\u00e3o e subtrac\u00e7\u00e3o de cor<\/li><li>Bola de plasma<\/li><li>Canh\u00e3o de ar<\/li><li>Efeito Doppler<\/li><li>Massa e volume<\/li><li>P\u00eandulo composto<\/li><\/ul>\n\n\n\n<p>Para despertar a sua curiosidade experimente a <a rel=\"noreferrer noopener\" href=\"https:\/\/bit.ly\/Eureka_DFA-FCUP\" target=\"_blank\">visita virtual<\/a> \u00e1 Sala Eureka.<\/p>\n","protected":false},"excerpt":{"rendered":"<p>O Departamento de F\u00edsica e Astronomia organizou a Sala Eureka, espa\u00e7o onde est\u00e3o dispon\u00edveis v\u00e1rias experi\u00eancias e demonstra\u00e7\u00f5es que usam o elemento de surpresa para motivar os visitantes da sala e estimular a sua curiosidade. Mediante marca\u00e7\u00e3o pr\u00e9via, recebem-se visitas de grupos de 15 a 30 alunos do 3\u00ba ciclo do Ensino B\u00e1sico e Ensino &hellip;<br \/><a href=\"https:\/\/www.fc.up.pt\/dfa\/comunicacao\/divulgacao-escolas\/sala-eureka\/\" class=\"more-link pen_button pen_element_default pen_icon_arrow_double\">Continue reading <span class=\"screen-reader-text\">Sala Eureka<\/span><\/a><\/p>\n","protected":false},"author":2,"featured_media":509,"parent":435,"menu_order":1,"comment_status":"closed","ping_status":"closed","template":"","meta":{"footnotes":""},"class_list":["post-250","page","type-page","status-publish","has-post-thumbnail","hentry"],"_links":{"self":[{"href":"https:\/\/www.fc.up.pt\/dfa\/wp-json\/wp\/v2\/pages\/250","targetHints":{"allow":["GET"]}}],"collection":[{"href":"https:\/\/www.fc.up.pt\/dfa\/wp-json\/wp\/v2\/pages"}],"about":[{"href":"https:\/\/www.fc.up.pt\/dfa\/wp-json\/wp\/v2\/types\/page"}],"author":[{"embeddable":true,"href":"https:\/\/www.fc.up.pt\/dfa\/wp-json\/wp\/v2\/users\/2"}],"replies":[{"embeddable":true,"href":"https:\/\/www.fc.up.pt\/dfa\/wp-json\/wp\/v2\/comments?post=250"}],"version-history":[{"count":9,"href":"https:\/\/www.fc.up.pt\/dfa\/wp-json\/wp\/v2\/pages\/250\/revisions"}],"predecessor-version":[{"id":1847,"href":"https:\/\/www.fc.up.pt\/dfa\/wp-json\/wp\/v2\/pages\/250\/revisions\/1847"}],"up":[{"embeddable":true,"href":"https:\/\/www.fc.up.pt\/dfa\/wp-json\/wp\/v2\/pages\/435"}],"wp:featuredmedia":[{"embeddable":true,"href":"https:\/\/www.fc.up.pt\/dfa\/wp-json\/wp\/v2\/media\/509"}],"wp:attachment":[{"href":"https:\/\/www.fc.up.pt\/dfa\/wp-json\/wp\/v2\/media?parent=250"}],"curies":[{"name":"wp","href":"https:\/\/api.w.org\/{rel}","templated":true}]}}