{"id":1051,"date":"2021-09-21T14:42:45","date_gmt":"2021-09-21T13:42:45","guid":{"rendered":"https:\/\/www.fc.up.pt\/dfa\/?page_id=1051"},"modified":"2026-02-19T14:27:43","modified_gmt":"2026-02-19T14:27:43","slug":"presenca-nos-media","status":"publish","type":"page","link":"https:\/\/www.fc.up.pt\/dfa\/comunicacao\/presenca-nos-media\/","title":{"rendered":"Presen\u00e7a nos media"},"content":{"rendered":"\n<p>Lista (incompleta) com alguns exemplos de noticias que referem elementos da <a href=\"https:\/\/www.fc.up.pt\/dfa\/departamento\/equipa\/\">equipa<\/a> e dos estudantes, ou mencionam o DFA e os <a data-type=\"page\" data-id=\"530\" href=\"https:\/\/www.fc.up.pt\/dfa\/investigacao\/institutos-id\/\">institutos<\/a> a si ligados, nos media (televis\u00e3o, r\u00e1dio, impressa, online) locais, nacionais e internacionais.<\/p>\n\n\n\n<hr class=\"wp-block-separator has-text-color has-background has-pale-cyan-blue-background-color has-pale-cyan-blue-color is-style-default\"\/>\n\n\n\n<p>2026-02-18: <em>Publico,<\/em> <a href=\"https:\/\/www.publico.pt\/2026\/02\/18\/opiniao\/opiniao\/memorias-futuro-possivel-2165190\">Mem\u00f3rias de um futuro poss\u00edvel<\/a>, contributo de Orfeu Bertolami<\/p>\n\n\n\n<p>2026-01-28: <em>Reportagem RTP<\/em>, <a href=\"https:\/\/files.pt.cision.com\/tv\/2026\/01\/121276589.mp4\">Depress\u00e3o Kristin<\/a>, contribui\u00e7\u00e3o de Manuel Salgueiro<\/p>\n\n\n\n<hr class=\"wp-block-separator has-text-color has-background has-pale-cyan-blue-background-color has-pale-cyan-blue-color is-style-default\"\/>\n\n\n\n<p>2025-09-03: <em>Publico <\/em>&#8211; <a href=\"https:\/\/www.publico.pt\/2025\/09\/03\/ciencia\/opiniao\/investir-ciencia-valor-gerar-conhecimento-2145906\">Investir em ci\u00eancia: qual \u00e9 o valor de gerar conhecimento?<\/a>, contributo de Nuno Santos<\/p>\n\n\n\n<p>2025-06-04: <em>Publico <\/em>&#8211; <a href=\"https:\/\/www.publico.pt\/2025\/06\/04\/opiniao\/opiniao\/guia-perplexos-2135418\">https:\/\/www.publico.pt\/2025\/06\/04\/opiniao\/opiniao\/guia-perplexos-2135418<\/a>, contributo de Orfeu Bertolami<\/p>\n\n\n\n<p>2025-04-08: <em>JPN<\/em> &#8211; <a href=\"https:\/\/www.jpn.up.pt\/2025\/04\/08\/jarle-brinchmann-assume-a-direcao-de-ciencia-do-observatorio-europeu-do-sul\/\">Jarle Brinchmann assume a Dire\u00e7\u00e3o de Ci\u00eancia do Observat\u00f3rio Europeu do Sul<\/a><\/p>\n\n\n\n<p>2025-04-02: <em>P\u00fablico<\/em> &#8211; <a href=\"https:\/\/www.publico.pt\/2025\/04\/02\/ciencia\/noticia\/astronomo-universidade-porto-novo-director-ciencia-eso-2128232\">Astr\u00f3nomo da Universidade do Porto \u00e9 o novo Diretor de Ci\u00eancia do ESO<\/a><\/p>\n\n\n\n<p>2025-04-01: <em>Jornal de Noticias<\/em> &#8211; <a href=\"https:\/\/www.jn.pt\/4319122434\/docente-da-universidade-do-porto-e-o-novo-diretor-de-ciencia-do-observatorio-europeu-do-sul\/\">Docente da Universidade do Porto \u00e9 o novo Diretor de Ci\u00eancia do Observat\u00f3rio Europeu do Sul<\/a><\/p>\n\n\n\n<hr class=\"wp-block-separator has-text-color has-background has-pale-cyan-blue-background-color has-pale-cyan-blue-color is-style-default\"\/>\n\n\n\n<p>2024-11-12: <em>&nbsp;<a href=\"https:\/\/www.linkedin.com\/company\/sociedade-civil-rtp\/\">Sociedade Civil RTP2<\/a><\/em>, participa\u00e7\u00e3o de Catarina Dias, Investigadora J\u00fanior do IFIMUP-FCUP, no programa televisivo da RTP2, num epis\u00f3dio dedicado aos F\u00edsicos. Epis\u00f3dio completo na RTP Play em <a href=\"https:\/\/lnkd.in\/dZxxvWgP\">https:\/\/lnkd.in\/dZxxvWgP<\/a>.<\/p>\n\n\n\n<p>2024-10-24: <a href=\"https:\/\/www.fc.up.pt\/dfa\/comunicacao\/presenca-nos-media\/\">Jornal Nacional da TVI &#8211; pe\u00e7a &#8220;O tempo e a passagem dele&#8221;<\/a> (minuto 1:32:32), participa\u00e7\u00e3o de Jo\u00e3o Lima<\/p>\n\n\n\n<p>2024-10-06: <em>Di\u00e1rio de Not\u00edcias<\/em> &#8211; <a href=\"https:\/\/www.dn.pt\/1773020087\/ciencia-em-portugues-de-olhos-postos-no-espaco\/\">Ci\u00eancia em Portugu\u00eas de olhos postos  no espa\u00e7o<\/a><\/p>\n\n\n\n<p>2024-10-01:&nbsp;<em>Antena 1 \u2013 90 Segundos de Ci\u00eancia<\/em>,&nbsp;<a href=\"https:\/\/www.90segundosdeciencia.pt\/episodes\/ep-1852-nuno-santos\/\">Projeto FIERCE quer tornar mais f\u00e1cil a busca por exoplanetas<\/a>, entrevista a Nuno Santos<\/p>\n\n\n\n<p>2024-04-07: <em>ZAP.aeiou<\/em> &#8211;<a href=\"https:\/\/zap.aeiou.pt\/efeito-gloria-detetado-no-planeta-infernal-em-que-chove-ferro-594439\"> Efeito gl\u00f3ria detetado no planeta infernal em que chove ferro<\/a><\/p>\n\n\n\n<p>2024-04-04: <em>Nature<\/em> &#8211; <a href=\"https:\/\/www.nature.com\/articles\/d41586-024-00965-1\">Smallest known starquakes are detected with a subtle shift of colour<\/a><\/p>\n\n\n\n<p>2024-03-16: <em>SIC Noticias<\/em> &#8211; <a href=\"https:\/\/sicnoticias.pt\/pais\/2024-03-16-Cientistas-portugueses-desenvolvem-frigorificos-mais-sustentaveis-828b73cf\">Cientistas portugueses desenvolvem frigor\u00edficos mais sustent\u00e1veis<\/a>, entrevista a Jo\u00e3o Horta Belo<\/p>\n\n\n\n<p>2024-02-27: <em>P\u00fablico<\/em> &#8211; <a href=\"https:\/\/www.publico.pt\/2024\/02\/27\/ciencia\/noticia\/arcoiris-tambem-sai-noite-portugal-2081782\">O arco-\u00edris tamb\u00e9m sai \u00e0 noite em Portugal<\/a>, entrevista a Jo\u00e3o Lima<\/p>\n\n\n\n<p>2024-02-11: <em>P\u00fablico<\/em> &#8211; <a href=\"https:\/\/www.publico.pt\/2024\/02\/11\/ciencia\/noticia\/conheca-cinco-mulheres-mudaram-visao-cosmos-2079859\">Conhe\u00e7a cinco mulheres que mudaram a nossa vis\u00e3o dos cosmos<\/a><\/p>\n\n\n\n<p>2024-02-10: <em>SIC Admir\u00e1vel Mundo Novo<\/em> &#8211; <a href=\"https:\/\/sicnoticias.pt\/programas\/admiravel-mundo-novo1\/2024-02-10-Estaremos-sozinhos-no-Universo--ac4dd021\">Estaremos sozinhos no Universo?<\/a>, reportagem sobre o trabalho de Nuno Cardoso Santos<\/p>\n\n\n\n<p>2024-01-17: <em>Publico <\/em>&#8211; <a href=\"https:\/\/www.publico.pt\/2024\/01\/17\/opiniao\/opiniao\/geringonca-pluringonca-2077164\">https:\/\/www.publico.pt\/2024\/01\/17\/opiniao\/opiniao\/geringonca-pluringonca-2077164<\/a>, contributo de Orfeu Bertolami.<\/p>\n\n\n\n<p>2024-01-05: <em>P\u00fablico<\/em> &#8211; <a href=\"https:\/\/www.publico.pt\/2024\/01\/05\/azul\/video\/sincelo-fenomeno-nevoeiro-gelado-20240104-194505\">https:\/\/www.publico.pt\/2024\/01\/05\/azul\/video\/sincelo-fenomeno-nevoeiro-gelado-20240104-194505<\/a>, entrevista a Orfeu Bertolami.<\/p>\n\n\n\n<hr class=\"wp-block-separator has-text-color has-background has-pale-cyan-blue-background-color has-pale-cyan-blue-color is-style-default\"\/>\n\n\n\n<p>2023-12-05: <em>Viva Porto<\/em> &#8211; <a href=\"https:\/\/viva-porto.pt\/cientistas-do-porto-descobrem-seis-planetas-maiores-que-a-terra\/\">Cientistas do Porto descobrem seis planetas maiores que a Terra<\/a><\/p>\n\n\n\n<p>2023-11-29 <em>P\u00fablico<\/em> &#8211; <a href=\"https:\/\/www.publico.pt\/2023\/11\/29\/ciencia\/noticia\/descoberto-sistema-seis-planetas-orbitar-estrela-perfeita-harmonia-2071954\">Descobertos seis planetas a orbitarem uma estrela em perfeita harmonia<\/a>, entrevista a Nuno Santos<\/p>\n\n\n\n<p>2023-11-11: <em>National Geographic Portugal<\/em> &#8211; <a href=\"https:\/\/www.nationalgeographic.pt\/ciencia\/primeiras-imagens-astronomicas-missao-euclid-divulgadas-comentarios-ia_4402\">Divulgadas &#8211; e comentadas &#8211; as primeiras imagens da Miss\u00e3o Euclid<\/a>, entrevista a Jarle Brinchmann<\/p>\n\n\n\n<p>2023-09-14 <em>P\u00fablico &#8211; <\/em><a href=\"https:\/\/www.publico.pt\/2023\/09\/14\/opiniao\/opiniao\/racionalidade-economica-2063390?fbclid=IwAR2ux60Qhz4CvkdobJa0b5vhhD7aLfOIECNamlv1G8oFrfZ37FTxXRQE3wc\">Racionalidade econ\u00f3mica<\/a>, contributo de Orfeu Bertolami<\/p>\n\n\n\n<p>2023-08-12: <em>Expresso<\/em> &#8211; <a href=\"https:\/\/expresso.pt\/sociedade\/ciencia\/2023-08-12-Fuja-das-luzes-da-cidade-deite-se-no-chao-vire-se-para-norte-e-olhe-para-o-ceu-este-sabado-a-noite-ha-chuva-de-estrelas-2fbcbbf7\">Fuja das luzes da cidade, deite-se no ch\u00e3o, vire-se para norte e olhe o c\u00e9u: este s\u00e1bado \u00e0 noite h\u00e1 chuva de estrelas<\/a><\/p>\n\n\n\n<p>2023-07-23: <em>Sapo TEK<\/em> &#8211; <a href=\"https:\/\/poligrafo.sapo.pt\/fact-check\/confirma-se-que-ha-uma-tempestade-solar-a-aproximar-se-rapidamente-da-terra\">Confirma-se que h\u00e1 uma &#8220;tempestade solar&#8221; a aproximar-se rapidamente da Terra?<\/a><\/p>\n\n\n\n<p>2023-07-21: <em>Observador<\/em> &#8211; <a href=\"https:\/\/observador.pt\/2023\/07\/21\/especialistas-debatem-impacto-da-atividade-estelar-na-detecao-de-exoplanetas\/\">Especialistas debatem impacto da atividade estelar na dete\u00e7\u00e3o de exoplanetas<\/a><\/p>\n\n\n\n<p>2023-07-19 &#8211; <a href=\"https:\/\/www.tsf.pt\/futuro\/terra-entrou-numa-nova-era-e-cientistas-ja-tem-local-para-o-provar-futuro-nao-e-animador-16720279.html\">Terra entrou numa nova era e cientistas j\u00e1 t\u00eam local para o provar. Futuro n\u00e3o \u00e9 animador<\/a><\/p>\n\n\n\n<p>2023-07-10: <em>Expresso<\/em> &#8211; <a href=\"https:\/\/expresso.pt\/sociedade\/ciencia\/2023-07-10-O-proximo-maximo-solar-pode-chegar-mais-cedo-do-que-previsto-por-que-falharam-as-previsoes-e-quais-serao-as-consequencias--d10f5ec3\" target=\"_blank\" rel=\"noreferrer noopener\">O pr\u00f3ximo m\u00e1ximo solar pode chegar mais cedo do que previsto: por que falharam as previs\u00f5es e quais ser\u00e3o as consequ\u00eancias? <\/a>entrevista a Jo\u00e3o Lima<\/p>\n\n\n\n<p><em>2023-06-12: Sapo TEK<\/em> &#8211; <a href=\"https:\/\/tek.sapo.pt\/multimedia\/artigos\/investigadores-portugueses-ajudam-a-descobrir-planeta-identico-a-tatooine-de-star-wars\" target=\"_blank\" rel=\"noreferrer noopener\">Investigadores portugueses ajudam a descobrir planeta id\u00eantico a Tatooine de Stars Wars<\/a><\/p>\n\n\n\n<p><em>2023-06-12: Renascen\u00e7a<\/em> &#8211; <a href=\"https:\/\/rr.sapo.pt\/noticia\/mundo\/2023\/06\/12\/portugueses-descobrem-planeta-semelhante-ao-da-guerra-das-estrelas\/335026\/\" target=\"_blank\" rel=\"noreferrer noopener\">Portugueses descobrem planeta semelhante ao da &#8220;Guerra das Estrelas&#8221;<\/a><\/p>\n\n\n\n<p>2023-05-15: <em>Antena 1 &#8211; 90 Segundos de Ci\u00eancia<\/em>, <a href=\"https:\/\/www.90segundosdeciencia.pt\/episodes\/ep-1556-tiago-campante\/\" target=\"_blank\" rel=\"noreferrer noopener\">Investigadores est\u00e3o a mapear a Via L\u00e1ctea para melhor conhecer a evolu\u00e7\u00e3o da nossa gal\u00e1xia<\/a>, entrevista a Tiago Campante<\/p>\n\n\n\n<p><em>2023-05-04: Sapo TEK<\/em> &#8211; <a href=\"https:\/\/tek.sapo.pt\/expert\/artigos\/uso-sustentavel-do-espaco-em-debate-na-cimeira-anual-da-agencia-espacial-portuguesa\" target=\"_blank\" rel=\"noreferrer noopener\">Uso sustent\u00e1vel do Espa\u00e7o em debate na cimeira da Ag\u00eancia Espacial Portuguesa<\/a><\/p>\n\n\n\n<p>2023-03-21: <em>Antena 1 &#8211; 90 Segundos de Ci\u00eancia<\/em>, <a href=\"https:\/\/www.90segundosdeciencia.pt\/episodes\/ep-1517-susana-barros\/\" target=\"_blank\" rel=\"noreferrer noopener\">Astrof\u00edsicos identificam planeta com forma de uma bola de rugby<\/a>, entrevista a Susana Barros<\/p>\n\n\n\n<p>2023-03-14: <em>P\u00fablico<\/em> &#8211; <a href=\"https:\/\/www.publico.pt\/2023\/03\/14\/opiniao\/opiniao\/busca-utopia-perdida-2042298\">Em busca da utopia perdida<\/a>, contributo de Orfeu Bertolami<\/p>\n\n\n\n<hr class=\"wp-block-separator has-text-color has-background has-pale-cyan-blue-background-color has-pale-cyan-blue-color is-style-default\"\/>\n\n\n\n<p><\/p>\n","protected":false},"excerpt":{"rendered":"<p>Lista (incompleta) com alguns exemplos de noticias que referem elementos da equipa e dos estudantes, ou mencionam o DFA e os institutos a si ligados, nos media (televis\u00e3o, r\u00e1dio, impressa, online) locais, nacionais e internacionais. 2026-02-18: Publico, Mem\u00f3rias de um futuro poss\u00edvel, contributo de Orfeu Bertolami 2026-01-28: Reportagem RTP, Depress\u00e3o Kristin, contribui\u00e7\u00e3o de Manuel Salgueiro &hellip;<br \/><a href=\"https:\/\/www.fc.up.pt\/dfa\/comunicacao\/presenca-nos-media\/\" class=\"more-link pen_button pen_element_default pen_icon_arrow_double\">Continue reading <span class=\"screen-reader-text\">Presen\u00e7a nos media<\/span><\/a><\/p>\n","protected":false},"author":2,"featured_media":29,"parent":214,"menu_order":5,"comment_status":"closed","ping_status":"closed","template":"","meta":{"footnotes":""},"class_list":["post-1051","page","type-page","status-publish","has-post-thumbnail","hentry"],"_links":{"self":[{"href":"https:\/\/www.fc.up.pt\/dfa\/wp-json\/wp\/v2\/pages\/1051","targetHints":{"allow":["GET"]}}],"collection":[{"href":"https:\/\/www.fc.up.pt\/dfa\/wp-json\/wp\/v2\/pages"}],"about":[{"href":"https:\/\/www.fc.up.pt\/dfa\/wp-json\/wp\/v2\/types\/page"}],"author":[{"embeddable":true,"href":"https:\/\/www.fc.up.pt\/dfa\/wp-json\/wp\/v2\/users\/2"}],"replies":[{"embeddable":true,"href":"https:\/\/www.fc.up.pt\/dfa\/wp-json\/wp\/v2\/comments?post=1051"}],"version-history":[{"count":137,"href":"https:\/\/www.fc.up.pt\/dfa\/wp-json\/wp\/v2\/pages\/1051\/revisions"}],"predecessor-version":[{"id":5951,"href":"https:\/\/www.fc.up.pt\/dfa\/wp-json\/wp\/v2\/pages\/1051\/revisions\/5951"}],"up":[{"embeddable":true,"href":"https:\/\/www.fc.up.pt\/dfa\/wp-json\/wp\/v2\/pages\/214"}],"wp:featuredmedia":[{"embeddable":true,"href":"https:\/\/www.fc.up.pt\/dfa\/wp-json\/wp\/v2\/media\/29"}],"wp:attachment":[{"href":"https:\/\/www.fc.up.pt\/dfa\/wp-json\/wp\/v2\/media?parent=1051"}],"curies":[{"name":"wp","href":"https:\/\/api.w.org\/{rel}","templated":true}]}}