{"id":33,"date":"2018-11-22T17:38:58","date_gmt":"2018-11-22T17:38:58","guid":{"rendered":"https:\/\/projectcoalmine.wordpress.com\/?page_id=33"},"modified":"2019-01-22T15:42:40","modified_gmt":"2019-01-22T15:42:40","slug":"home","status":"publish","type":"page","link":"https:\/\/www.fc.up.pt\/coalmine\/","title":{"rendered":"Projecto Coal Mine"},"content":{"rendered":"<p style=\"text-align: justify;\">A autocombust\u00e3o do carv\u00e3o pode ocorrer durante a explora\u00e7\u00e3o mineira ou em dep\u00f3sitos resultantes da explora\u00e7\u00e3o. Em S. Pedro da cova, tem-se vindo a acompanhar o fen\u00f3meno na antiga escombreira mineira, potenciado por grandes inc\u00eandios florestais que aconteceram em 2005.<br \/>\nA autocombust\u00e3o do carv\u00e3o causa a mobiliza\u00e7\u00e3o de poluentes que podem disseminar-se atrav\u00e9s do ar ou \u00e1guas e\/ou depositar-se nos solos da \u00e1rea envolvente, pelo que o estudo desta tem\u00e1tica, enquadrando-a num contexto espacial, \u00e9 imperativo para a an\u00e1lise de risco para a popula\u00e7\u00e3o e avalia\u00e7\u00e3o de medidas mitigadoras.<br \/>\nO Projeto CoalMine \u00e9 um projeto de investiga\u00e7\u00e3o cient\u00edfica que teve in\u00edcio em 2018, com a ambi\u00e7\u00e3o de dar resposta a algumas destas quest\u00f5es. Os principais objetivos do projeto prendem-se com a caracteriza\u00e7\u00e3o e quantifica\u00e7\u00e3o dos impactes ambientais causados pela autocombust\u00e3o da escombreira das antigas minas de carv\u00e3o de S. Pedro da Cova, incluindo os impactes nos ecossistemas e sa\u00fade humana.<br \/>\nTrata-se de um projeto financiado pela Funda\u00e7\u00e3o para a Ci\u00eancia e Tecnologia atrav\u00e9s do apoio (co-financiamento) concedido pelo COMPETE 2020, Fundo Europeu de Desenvolvimento Regional e pelo Estado Portugu\u00eas, no \u00e2mbito do Portugal 2020.<\/p>\n<figure id=\"attachment_105\" aria-describedby=\"caption-attachment-105\" style=\"width: 804px\" class=\"wp-caption aligncenter\"><img decoding=\"async\" loading=\"lazy\" class=\"alignnone size-full wp-image-105\" src=\"https:\/\/www.fc.up.pt\/coalmine\/wp-content\/uploads\/2018\/12\/escombreira.png\" alt=\"Escombreira\" width=\"804\" height=\"603\" srcset=\"https:\/\/www.fc.up.pt\/coalmine\/wp-content\/uploads\/2018\/12\/escombreira.png 804w, https:\/\/www.fc.up.pt\/coalmine\/wp-content\/uploads\/2018\/12\/escombreira-300x225.png 300w, https:\/\/www.fc.up.pt\/coalmine\/wp-content\/uploads\/2018\/12\/escombreira-768x576.png 768w, https:\/\/www.fc.up.pt\/coalmine\/wp-content\/uploads\/2018\/12\/escombreira-685x514.png 685w\" sizes=\"(max-width: 804px) 100vw, 804px\" \/><figcaption id=\"caption-attachment-105\" class=\"wp-caption-text\">Escombreira da Antiga Mina de S. Pedro da Cova em processo de autocombust\u00e3o<\/figcaption><\/figure>\n<p><img decoding=\"async\" loading=\"lazy\" class=\"alignnone size-full wp-image-297\" src=\"https:\/\/www.fc.up.pt\/coalmine\/wp-content\/uploads\/2019\/01\/Logos_Final.jpg\" alt=\"\" width=\"1871\" height=\"189\" srcset=\"https:\/\/www.fc.up.pt\/coalmine\/wp-content\/uploads\/2019\/01\/Logos_Final.jpg 1871w, https:\/\/www.fc.up.pt\/coalmine\/wp-content\/uploads\/2019\/01\/Logos_Final-300x30.jpg 300w, https:\/\/www.fc.up.pt\/coalmine\/wp-content\/uploads\/2019\/01\/Logos_Final-768x78.jpg 768w, https:\/\/www.fc.up.pt\/coalmine\/wp-content\/uploads\/2019\/01\/Logos_Final-1024x103.jpg 1024w, https:\/\/www.fc.up.pt\/coalmine\/wp-content\/uploads\/2019\/01\/Logos_Final-685x69.jpg 685w\" sizes=\"(max-width: 1871px) 100vw, 1871px\" \/><\/p>\n","protected":false},"excerpt":{"rendered":"<p>A autocombust\u00e3o do carv\u00e3o pode ocorrer durante a explora\u00e7\u00e3o mineira ou em dep\u00f3sitos resultantes da explora\u00e7\u00e3o. Em S. Pedro da cova, tem-se vindo a acompanhar o fen\u00f3meno na antiga escombreira mineira, potenciado por grandes inc\u00eandios florestais que aconteceram em 2005. A autocombust\u00e3o do carv\u00e3o causa a mobiliza\u00e7\u00e3o de poluentes que podem disseminar-se atrav\u00e9s do ar &hellip; <a href=\"https:\/\/www.fc.up.pt\/coalmine\/\" class=\"more-link\">Continue reading <span class=\"screen-reader-text\">Projecto Coal Mine<\/span><\/a><\/p>\n","protected":false},"author":1,"featured_media":0,"parent":0,"menu_order":0,"comment_status":"closed","ping_status":"closed","template":"","meta":{"spay_email":""},"_links":{"self":[{"href":"https:\/\/www.fc.up.pt\/coalmine\/wp-json\/wp\/v2\/pages\/33"}],"collection":[{"href":"https:\/\/www.fc.up.pt\/coalmine\/wp-json\/wp\/v2\/pages"}],"about":[{"href":"https:\/\/www.fc.up.pt\/coalmine\/wp-json\/wp\/v2\/types\/page"}],"author":[{"embeddable":true,"href":"https:\/\/www.fc.up.pt\/coalmine\/wp-json\/wp\/v2\/users\/1"}],"replies":[{"embeddable":true,"href":"https:\/\/www.fc.up.pt\/coalmine\/wp-json\/wp\/v2\/comments?post=33"}],"version-history":[{"count":3,"href":"https:\/\/www.fc.up.pt\/coalmine\/wp-json\/wp\/v2\/pages\/33\/revisions"}],"predecessor-version":[{"id":333,"href":"https:\/\/www.fc.up.pt\/coalmine\/wp-json\/wp\/v2\/pages\/33\/revisions\/333"}],"wp:attachment":[{"href":"https:\/\/www.fc.up.pt\/coalmine\/wp-json\/wp\/v2\/media?parent=33"}],"curies":[{"name":"wp","href":"https:\/\/api.w.org\/{rel}","templated":true}]}}