{"id":28,"date":"2018-11-22T17:38:56","date_gmt":"2018-11-22T17:38:56","guid":{"rendered":"https:\/\/projectcoalmine.wordpress.com\/?page_id=28"},"modified":"2019-01-22T16:03:07","modified_gmt":"2019-01-22T16:03:07","slug":"contactos","status":"publish","type":"page","link":"https:\/\/www.fc.up.pt\/coalmine\/contactos\/","title":{"rendered":"Contactos"},"content":{"rendered":"<p>Para mais informa\u00e7\u00f5es por favor contactar,<\/p>\n<p>projeto.coalmine@fc.up.pt<\/p>\n<p>ICT &#8211; Instituto Ci\u00eancias da Terra<\/p>\n<p>Faculdade de Ci\u00eancias<\/p>\n<p>Rua do Campo Alegre<\/p>\n<p>4169-007 Porto<\/p>\n<p><img decoding=\"async\" loading=\"lazy\" class=\"alignnone size-full wp-image-297\" src=\"https:\/\/www.fc.up.pt\/coalmine\/wp-content\/uploads\/2019\/01\/Logos_Final.jpg\" alt=\"\" width=\"1871\" height=\"189\" srcset=\"https:\/\/www.fc.up.pt\/coalmine\/wp-content\/uploads\/2019\/01\/Logos_Final.jpg 1871w, https:\/\/www.fc.up.pt\/coalmine\/wp-content\/uploads\/2019\/01\/Logos_Final-300x30.jpg 300w, https:\/\/www.fc.up.pt\/coalmine\/wp-content\/uploads\/2019\/01\/Logos_Final-768x78.jpg 768w, https:\/\/www.fc.up.pt\/coalmine\/wp-content\/uploads\/2019\/01\/Logos_Final-1024x103.jpg 1024w, https:\/\/www.fc.up.pt\/coalmine\/wp-content\/uploads\/2019\/01\/Logos_Final-685x69.jpg 685w\" sizes=\"(max-width: 1871px) 100vw, 1871px\" \/><\/p>\n","protected":false},"excerpt":{"rendered":"<p>Para mais informa\u00e7\u00f5es por favor contactar, projeto.coalmine@fc.up.pt ICT &#8211; Instituto Ci\u00eancias da Terra Faculdade de Ci\u00eancias Rua do Campo Alegre 4169-007 Porto<\/p>\n","protected":false},"author":1,"featured_media":0,"parent":0,"menu_order":0,"comment_status":"closed","ping_status":"closed","template":"","meta":{"spay_email":""},"_links":{"self":[{"href":"https:\/\/www.fc.up.pt\/coalmine\/wp-json\/wp\/v2\/pages\/28"}],"collection":[{"href":"https:\/\/www.fc.up.pt\/coalmine\/wp-json\/wp\/v2\/pages"}],"about":[{"href":"https:\/\/www.fc.up.pt\/coalmine\/wp-json\/wp\/v2\/types\/page"}],"author":[{"embeddable":true,"href":"https:\/\/www.fc.up.pt\/coalmine\/wp-json\/wp\/v2\/users\/1"}],"replies":[{"embeddable":true,"href":"https:\/\/www.fc.up.pt\/coalmine\/wp-json\/wp\/v2\/comments?post=28"}],"version-history":[{"count":1,"href":"https:\/\/www.fc.up.pt\/coalmine\/wp-json\/wp\/v2\/pages\/28\/revisions"}],"predecessor-version":[{"id":351,"href":"https:\/\/www.fc.up.pt\/coalmine\/wp-json\/wp\/v2\/pages\/28\/revisions\/351"}],"wp:attachment":[{"href":"https:\/\/www.fc.up.pt\/coalmine\/wp-json\/wp\/v2\/media?parent=28"}],"curies":[{"name":"wp","href":"https:\/\/api.w.org\/{rel}","templated":true}]}}