{"id":24,"date":"2018-11-22T17:38:48","date_gmt":"2018-11-22T17:38:48","guid":{"rendered":"https:\/\/projectcoalmine.wordpress.com\/?page_id=24"},"modified":"2018-11-22T17:38:48","modified_gmt":"2018-11-22T17:38:48","slug":"equipa","status":"publish","type":"page","link":"https:\/\/www.fc.up.pt\/coalmine\/equipa\/","title":{"rendered":"Equipa"},"content":{"rendered":"<p style=\"text-align:justify;\">Os trabalhos desenvolvidos no \u00e2mbito do Projeto CoalMine ser\u00e3o executados na Faculdade de Ci\u00eancias da Universidade do Porto, no ICT \u2013 Instituto de Ci\u00eancias da Terra, nos seus polos da Universidade do Porto e de \u00c9vora, bem como na REQUIMTE \u2013 Rede Qu\u00edmica e de Tecnologia Associa\u00e7\u00e3o.<\/p>\n<p>&nbsp;<\/p>\n","protected":false},"excerpt":{"rendered":"<p>Os trabalhos desenvolvidos no \u00e2mbito do Projeto CoalMine ser\u00e3o executados na Faculdade de Ci\u00eancias da Universidade do Porto, no ICT \u2013 Instituto de Ci\u00eancias da Terra, nos seus polos da Universidade do Porto e de \u00c9vora, bem como na REQUIMTE \u2013 Rede Qu\u00edmica e de Tecnologia Associa\u00e7\u00e3o. &nbsp;<\/p>\n","protected":false},"author":1,"featured_media":0,"parent":0,"menu_order":0,"comment_status":"closed","ping_status":"closed","template":"","meta":{"spay_email":""},"_links":{"self":[{"href":"https:\/\/www.fc.up.pt\/coalmine\/wp-json\/wp\/v2\/pages\/24"}],"collection":[{"href":"https:\/\/www.fc.up.pt\/coalmine\/wp-json\/wp\/v2\/pages"}],"about":[{"href":"https:\/\/www.fc.up.pt\/coalmine\/wp-json\/wp\/v2\/types\/page"}],"author":[{"embeddable":true,"href":"https:\/\/www.fc.up.pt\/coalmine\/wp-json\/wp\/v2\/users\/1"}],"replies":[{"embeddable":true,"href":"https:\/\/www.fc.up.pt\/coalmine\/wp-json\/wp\/v2\/comments?post=24"}],"version-history":[{"count":0,"href":"https:\/\/www.fc.up.pt\/coalmine\/wp-json\/wp\/v2\/pages\/24\/revisions"}],"wp:attachment":[{"href":"https:\/\/www.fc.up.pt\/coalmine\/wp-json\/wp\/v2\/media?parent=24"}],"curies":[{"name":"wp","href":"https:\/\/api.w.org\/{rel}","templated":true}]}}